Last updated on 2023-09-27 12:02:51 CEST.
Flavor | Version | Tinstall | Tcheck | Ttotal | Status | Flags |
---|---|---|---|---|---|---|
r-devel-linux-x86_64-debian-clang | 0.4-5 | 97.52 | 151.58 | 249.10 | OK | |
r-devel-linux-x86_64-debian-gcc | 0.4-5 | 76.90 | 110.17 | 187.07 | OK | |
r-devel-linux-x86_64-fedora-clang | 0.4-5 | 319.94 | OK | |||
r-devel-linux-x86_64-fedora-gcc | 0.4-5 | 356.11 | OK | |||
r-devel-windows-x86_64 | 0.4-5 | 72.00 | 136.00 | 208.00 | OK | |
r-patched-linux-x86_64 | 0.4-5 | 95.72 | 145.06 | 240.78 | OK | |
r-release-linux-x86_64 | 0.4-5 | 97.86 | 144.66 | 242.52 | OK | |
r-release-macos-arm64 | 0.4-5 | 74.00 | NOTE | |||
r-release-macos-x86_64 | 0.4-5 | 175.00 | NOTE | |||
r-release-windows-x86_64 | 0.4-5 | 95.00 | 165.00 | 260.00 | OK | |
r-oldrel-macos-arm64 | 0.4-5 | 82.00 | NOTE | |||
r-oldrel-macos-x86_64 | 0.4-5 | 112.00 | NOTE | |||
r-oldrel-windows-x86_64 | 0.4-5 | 90.00 | 159.00 | 249.00 | OK |
Version: 0.4-5
Check: installed package size
Result: NOTE
installed size is 9.7Mb
sub-directories of 1Mb or more:
libs 9.0Mb
Flavors: r-release-macos-arm64, r-release-macos-x86_64, r-oldrel-macos-arm64, r-oldrel-macos-x86_64