Last updated on 2024-08-16 12:49:11 CEST.
Flavor | Version | Tinstall | Tcheck | Ttotal | Status | Flags |
---|---|---|---|---|---|---|
r-devel-linux-x86_64-debian-clang | 0.8-85 | 126.73 | 195.84 | 322.57 | NOTE | |
r-devel-linux-x86_64-debian-gcc | 0.8-85 | 84.41 | 137.37 | 221.78 | NOTE | |
r-devel-linux-x86_64-fedora-clang | 0.8-85 | 542.62 | NOTE | |||
r-devel-linux-x86_64-fedora-gcc | 0.8-85 | 544.94 | NOTE | |||
r-devel-windows-x86_64 | 0.8-85 | 113.00 | 188.00 | 301.00 | NOTE | |
r-patched-linux-x86_64 | 0.8-85 | 129.14 | 184.43 | 313.57 | NOTE | |
r-release-linux-x86_64 | 0.8-85 | 116.75 | 185.73 | 302.48 | NOTE | |
r-release-macos-arm64 | 0.8-85 | 112.00 | NOTE | |||
r-release-macos-x86_64 | 0.8-85 | 159.00 | NOTE | |||
r-release-windows-x86_64 | 0.8-85 | 113.00 | 185.00 | 298.00 | NOTE | |
r-oldrel-macos-arm64 | 0.8-85 | 122.00 | NOTE | |||
r-oldrel-macos-x86_64 | 0.8-85 | 207.00 | NOTE | |||
r-oldrel-windows-x86_64 | 0.8-85 | 143.00 | 244.00 | 387.00 | NOTE |
Version: 0.8-85
Check: C++ specification
Result: NOTE
Specified C++11: please drop specification unless essential
Flavors: r-devel-linux-x86_64-debian-clang, r-devel-linux-x86_64-debian-gcc, r-devel-linux-x86_64-fedora-clang, r-devel-linux-x86_64-fedora-gcc, r-devel-windows-x86_64, r-patched-linux-x86_64, r-release-linux-x86_64, r-release-macos-arm64, r-release-macos-x86_64, r-release-windows-x86_64, r-oldrel-macos-arm64, r-oldrel-macos-x86_64, r-oldrel-windows-x86_64
Version: 0.8-85
Check: installed package size
Result: NOTE
installed size is 8.3Mb
sub-directories of 1Mb or more:
libs 7.2Mb
Flavors: r-release-macos-arm64, r-release-macos-x86_64, r-oldrel-macos-arm64, r-oldrel-macos-x86_64