CRAN Package Check Results for Package JMI

Last updated on 2023-10-01 12:00:40 CEST.

Flavor Version Tinstall Tcheck Ttotal Status Flags
r-devel-linux-x86_64-debian-clang 0.1.0 30.95 26.42 57.37 NOTE
r-devel-linux-x86_64-debian-gcc 0.1.0 24.69 20.76 45.45 NOTE
r-devel-linux-x86_64-fedora-clang 0.1.0 93.39 NOTE
r-devel-linux-x86_64-fedora-gcc 0.1.0 91.34 NOTE
r-devel-windows-x86_64 0.1.0 28.00 61.00 89.00 NOTE
r-patched-linux-x86_64 0.1.0 27.89 26.09 53.98 NOTE
r-release-linux-x86_64 0.1.0 35.64 26.37 62.01 NOTE
r-release-macos-arm64 0.1.0 27.00 NOTE
r-release-macos-x86_64 0.1.0 40.00 NOTE
r-release-windows-x86_64 0.1.0 36.00 67.00 103.00 NOTE
r-oldrel-macos-arm64 0.1.0 26.00 NOTE
r-oldrel-macos-x86_64 0.1.0 33.00 NOTE
r-oldrel-windows-x86_64 0.1.0 34.00 71.00 105.00 NOTE

Check Details

Version: 0.1.0
Check: LazyData
Result: NOTE
     'LazyData' is specified without a 'data' directory
Flavors: r-devel-linux-x86_64-debian-clang, r-devel-linux-x86_64-debian-gcc, r-devel-linux-x86_64-fedora-clang, r-devel-linux-x86_64-fedora-gcc, r-devel-windows-x86_64, r-patched-linux-x86_64, r-release-linux-x86_64, r-release-macos-arm64, r-release-macos-x86_64, r-release-windows-x86_64, r-oldrel-macos-arm64, r-oldrel-macos-x86_64, r-oldrel-windows-x86_64