Last updated on 2024-04-18 12:52:48 CEST.
Flavor | Version | Tinstall | Tcheck | Ttotal | Status | Flags |
---|---|---|---|---|---|---|
r-devel-linux-x86_64-debian-clang | 0.1.0 | 36.65 | 27.15 | 63.80 | NOTE | |
r-devel-linux-x86_64-debian-gcc | 0.1.0 | 28.28 | 20.93 | 49.21 | NOTE | |
r-devel-linux-x86_64-fedora-clang | 0.1.0 | 92.06 | NOTE | |||
r-devel-linux-x86_64-fedora-gcc | 0.1.0 | 88.04 | NOTE | |||
r-prerel-macos-arm64 | 0.1.0 | 23.00 | NOTE | |||
r-prerel-windows-x86_64 | 0.1.0 | 28.00 | 59.00 | 87.00 | NOTE | |
r-patched-linux-x86_64 | 0.1.0 | 30.98 | 25.84 | 56.82 | NOTE | |
r-release-linux-x86_64 | 0.1.0 | 39.62 | 26.59 | 66.21 | NOTE | |
r-release-macos-arm64 | 0.1.0 | 27.00 | NOTE | |||
r-release-macos-x86_64 | 0.1.0 | 40.00 | NOTE | |||
r-release-windows-x86_64 | 0.1.0 | 35.00 | 65.00 | 100.00 | NOTE | |
r-oldrel-macos-arm64 | 0.1.0 | 26.00 | NOTE | |||
r-oldrel-windows-x86_64 | 0.1.0 | 34.00 | 72.00 | 106.00 | NOTE |
Version: 0.1.0
Check: LazyData
Result: NOTE
'LazyData' is specified without a 'data' directory
Flavors: r-devel-linux-x86_64-debian-clang, r-devel-linux-x86_64-debian-gcc, r-devel-linux-x86_64-fedora-clang, r-devel-linux-x86_64-fedora-gcc, r-prerel-macos-arm64, r-prerel-windows-x86_64, r-patched-linux-x86_64, r-release-linux-x86_64, r-release-macos-arm64, r-release-macos-x86_64, r-release-windows-x86_64, r-oldrel-macos-arm64, r-oldrel-windows-x86_64