Last updated on 2024-05-01 12:14:26 CEST.
Flavor | Version | Tinstall | Tcheck | Ttotal | Status | Flags |
---|---|---|---|---|---|---|
r-devel-linux-x86_64-debian-clang | 2.1.3 | 40.07 | 30.42 | 70.49 | NOTE | |
r-devel-linux-x86_64-debian-gcc | 2.1.3 | 29.98 | 23.18 | 53.16 | NOTE | |
r-devel-linux-x86_64-fedora-clang | 2.1.3 | 109.39 | NOTE | |||
r-devel-linux-x86_64-fedora-gcc | 2.1.3 | 93.72 | NOTE | |||
r-devel-windows-x86_64 | 2.1.3 | 37.00 | 61.00 | 98.00 | NOTE | |
r-patched-linux-x86_64 | 2.1.3 | 38.28 | 29.38 | 67.66 | NOTE | |
r-release-linux-x86_64 | 2.1.3 | 35.22 | 29.04 | 64.26 | NOTE | |
r-release-macos-arm64 | 2.1.3 | 25.00 | NOTE | |||
r-release-windows-x86_64 | 2.1.3 | 39.00 | 62.00 | 101.00 | NOTE | |
r-oldrel-macos-arm64 | 2.1.3 | 29.00 | NOTE | |||
r-oldrel-macos-x86_64 | 2.1.3 | 45.00 | NOTE | |||
r-oldrel-windows-x86_64 | 2.1.3 | 37.00 | 68.00 | 105.00 | NOTE |
Version: 2.1.3
Check: C++ specification
Result: NOTE
Specified C++14: please drop specification unless essential
Flavors: r-devel-linux-x86_64-debian-clang, r-devel-linux-x86_64-debian-gcc, r-devel-linux-x86_64-fedora-clang, r-devel-linux-x86_64-fedora-gcc, r-devel-windows-x86_64, r-patched-linux-x86_64, r-release-linux-x86_64, r-release-macos-arm64, r-release-windows-x86_64, r-oldrel-macos-arm64, r-oldrel-macos-x86_64, r-oldrel-windows-x86_64