Last updated on 2024-04-23 10:54:06 CEST.
Flavor | Version | Tinstall | Tcheck | Ttotal | Status | Flags |
---|---|---|---|---|---|---|
r-devel-linux-x86_64-debian-clang | 0.1.40 | 9.56 | 62.54 | 72.10 | OK | |
r-devel-linux-x86_64-debian-gcc | 0.1.40 | 6.59 | 45.99 | 52.58 | OK | |
r-devel-linux-x86_64-fedora-clang | 0.1.40 | 85.96 | NOTE | |||
r-devel-linux-x86_64-fedora-gcc | 0.1.40 | 82.60 | NOTE | |||
r-prerel-macos-arm64 | 0.1.40 | 29.00 | OK | |||
r-prerel-windows-x86_64 | 0.1.40 | 9.00 | 62.00 | 71.00 | OK | |
r-patched-linux-x86_64 | 0.1.40 | 7.40 | 57.52 | 64.92 | OK | |
r-release-linux-x86_64 | 0.1.40 | 7.75 | 58.97 | 66.72 | OK | |
r-release-macos-arm64 | 0.1.40 | 30.00 | OK | |||
r-release-macos-x86_64 | 0.1.40 | 44.00 | OK | |||
r-release-windows-x86_64 | 0.1.40 | 13.00 | 71.00 | 84.00 | OK | |
r-oldrel-macos-arm64 | 0.1.40 | 29.00 | NOTE | |||
r-oldrel-windows-x86_64 | 0.1.40 | 11.00 | 79.00 | 90.00 | OK |
Version: 0.1.40
Check: dependencies in R code
Result: NOTE
Namespace in Imports field not imported from: ‘rmarkdown’
All declared Imports should be used.
Flavors: r-devel-linux-x86_64-fedora-clang, r-devel-linux-x86_64-fedora-gcc, r-oldrel-macos-arm64