CRAN Package Check Results for Package InvasionCorrection

Last updated on 2022-07-03 11:53:40 CEST.

Flavor Version Tinstall Tcheck Ttotal Status Flags
r-devel-linux-x86_64-debian-clang 0.1 1.57 22.55 24.12 NOTE
r-devel-linux-x86_64-debian-gcc 0.1 1.76 17.28 19.04 NOTE
r-devel-linux-x86_64-fedora-clang 0.1 42.26 NOTE
r-devel-linux-x86_64-fedora-gcc 0.1 39.42 NOTE
r-devel-windows-x86_64 0.1 16.00 46.00 62.00 NOTE
r-patched-linux-x86_64 0.1 1.95 21.99 23.94 NOTE
r-release-linux-x86_64 0.1 2.01 22.00 24.01 NOTE
r-release-macos-arm64 0.1 16.00 NOTE
r-release-macos-x86_64 0.1 21.00 NOTE
r-release-windows-x86_64 0.1 24.00 47.00 71.00 NOTE
r-oldrel-macos-arm64 0.1 19.00 NOTE
r-oldrel-macos-x86_64 0.1 26.00 NOTE
r-oldrel-windows-ix86+x86_64 0.1 5.00 40.00 45.00 NOTE

Check Details

Version: 0.1
Check: LazyData
Result: NOTE
     'LazyData' is specified without a 'data' directory
Flavors: r-devel-linux-x86_64-debian-clang, r-devel-linux-x86_64-debian-gcc, r-devel-linux-x86_64-fedora-clang, r-devel-linux-x86_64-fedora-gcc, r-devel-windows-x86_64, r-patched-linux-x86_64, r-release-linux-x86_64, r-release-macos-arm64, r-release-macos-x86_64, r-release-windows-x86_64, r-oldrel-macos-arm64, r-oldrel-macos-x86_64, r-oldrel-windows-ix86+x86_64