Last updated on 2024-03-28 09:51:45 CET.
Flavor | Version | Tinstall | Tcheck | Ttotal | Status | Flags |
---|---|---|---|---|---|---|
r-devel-linux-x86_64-debian-clang | 1.1.9 | 29.78 | 52.85 | 82.63 | NOTE | |
r-devel-linux-x86_64-debian-gcc | 1.1.9 | 19.04 | 39.79 | 58.83 | NOTE | |
r-devel-linux-x86_64-fedora-clang | 1.1.9 | 103.34 | NOTE | |||
r-devel-linux-x86_64-fedora-gcc | 1.1.9 | 101.67 | NOTE | |||
r-devel-windows-x86_64 | 1.1.9 | 23.00 | 88.00 | 111.00 | OK | |
r-patched-linux-x86_64 | 1.1.9 | 27.07 | 51.86 | 78.93 | NOTE | |
r-release-linux-x86_64 | 1.1.9 | 23.66 | 50.58 | 74.24 | NOTE | |
r-release-macos-arm64 | 1.1.9 | 38.00 | OK | |||
r-release-macos-x86_64 | 1.1.9 | 46.00 | OK | |||
r-release-windows-x86_64 | 1.1.9 | 29.00 | 100.00 | 129.00 | OK | |
r-oldrel-macos-arm64 | 1.1.9 | 38.00 | OK | |||
r-oldrel-windows-x86_64 | 1.1.9 | 24.00 | 91.00 | 115.00 | OK |
Version: 1.1.9
Check: for non-standard things in the check directory
Result: NOTE
Found the following files/directories:
‘Error_Estimation_Response_1.tiff’ ‘Error_Estimation_Response_2.tiff’
‘Error_Estimation_Response_3.tiff’
Flavors: r-devel-linux-x86_64-debian-clang, r-devel-linux-x86_64-debian-gcc, r-devel-linux-x86_64-fedora-clang, r-devel-linux-x86_64-fedora-gcc, r-patched-linux-x86_64, r-release-linux-x86_64