Last updated on 2025-04-29 12:52:39 CEST.
Flavor | Version | Tinstall | Tcheck | Ttotal | Status | Flags |
---|---|---|---|---|---|---|
r-devel-linux-x86_64-debian-clang | 0.1.0 | 1.58 | 15.84 | 17.42 | OK | |
r-devel-linux-x86_64-debian-gcc | 0.1.0 | 1.19 | 13.11 | 14.30 | OK | |
r-devel-linux-x86_64-fedora-clang | 0.1.0 | 26.94 | OK | |||
r-devel-linux-x86_64-fedora-gcc | 0.1.0 | 26.45 | OK | |||
r-devel-windows-x86_64 | 0.1.0 | 2.00 | 35.00 | 37.00 | OK | |
r-patched-linux-x86_64 | 0.1.0 | 1.59 | 15.09 | 16.68 | OK | |
r-release-linux-x86_64 | 0.1.0 | 1.11 | 15.20 | 16.31 | OK | |
r-release-macos-arm64 | 0.1.0 | 14.00 | OK | |||
r-release-macos-x86_64 | 0.1.0 | 25.00 | OK | |||
r-release-windows-x86_64 | 0.1.0 | 3.00 | 35.00 | 38.00 | OK | |
r-oldrel-macos-arm64 | 0.1.0 | 13.00 | NOTE | |||
r-oldrel-macos-x86_64 | 0.1.0 | 19.00 | NOTE | |||
r-oldrel-windows-x86_64 | 0.1.0 | 3.00 | 34.00 | 37.00 | NOTE |
Version: 0.1.0
Check: LazyData
Result: NOTE
'LazyData' is specified without a 'data' directory
Flavors: r-oldrel-macos-arm64, r-oldrel-macos-x86_64, r-oldrel-windows-x86_64