CRAN Package Check Results for Package InformationValue

Last updated on 2022-06-26 11:52:34 CEST.

Flavor Version Tinstall Tcheck Ttotal Status Flags
r-devel-linux-x86_64-debian-clang 1.2.3 5.74 66.94 72.68 NOTE
r-devel-linux-x86_64-debian-gcc 1.2.3 4.91 49.93 54.84 NOTE
r-devel-linux-x86_64-fedora-clang 1.2.3 103.76 NOTE
r-devel-linux-x86_64-fedora-gcc 1.2.3 95.78 NOTE
r-devel-windows-x86_64 1.2.3 50.00 93.00 143.00 NOTE
r-patched-linux-x86_64 1.2.3 5.00 61.39 66.39 NOTE
r-release-linux-x86_64 1.2.3 6.12 62.11 68.23 NOTE
r-release-macos-arm64 1.2.3 30.00 NOTE
r-release-macos-x86_64 1.2.3 52.00 NOTE
r-release-windows-x86_64 1.2.3 36.00 95.00 131.00 NOTE
r-oldrel-macos-arm64 1.2.3 35.00 NOTE
r-oldrel-macos-x86_64 1.2.3 43.00 NOTE
r-oldrel-windows-ix86+x86_64 1.2.3 16.00 76.00 92.00 NOTE

Check Details

Version: 1.2.3
Check: DESCRIPTION meta-information
Result: NOTE
    BugReports field should be the URL of a single webpage
Flavors: r-devel-linux-x86_64-debian-clang, r-devel-linux-x86_64-debian-gcc, r-devel-linux-x86_64-fedora-clang, r-devel-linux-x86_64-fedora-gcc, r-devel-windows-x86_64, r-patched-linux-x86_64, r-release-linux-x86_64, r-release-macos-arm64, r-release-macos-x86_64, r-release-windows-x86_64, r-oldrel-macos-arm64, r-oldrel-macos-x86_64, r-oldrel-windows-ix86+x86_64