Last updated on 2025-04-29 12:52:39 CEST.
Flavor | Version | Tinstall | Tcheck | Ttotal | Status | Flags |
---|---|---|---|---|---|---|
r-devel-linux-x86_64-debian-clang | 1.3.2 | 2.26 | 20.31 | 22.57 | NOTE | |
r-devel-linux-x86_64-debian-gcc | 1.3.2 | 1.61 | 16.12 | 17.73 | NOTE | |
r-devel-linux-x86_64-fedora-clang | 1.3.2 | 35.03 | OK | |||
r-devel-linux-x86_64-fedora-gcc | 1.3.2 | 32.40 | OK | |||
r-devel-windows-x86_64 | 1.3.2 | 3.00 | 40.00 | 43.00 | OK | |
r-patched-linux-x86_64 | 1.3.2 | 2.66 | 19.30 | 21.96 | OK | |
r-release-linux-x86_64 | 1.3.2 | 1.71 | 19.09 | 20.80 | OK | |
r-release-macos-arm64 | 1.3.2 | 16.00 | OK | |||
r-release-macos-x86_64 | 1.3.2 | 26.00 | OK | |||
r-release-windows-x86_64 | 1.3.2 | 3.00 | 41.00 | 44.00 | OK | |
r-oldrel-macos-arm64 | 1.3.2 | 14.00 | OK | |||
r-oldrel-macos-x86_64 | 1.3.2 | 24.00 | OK | |||
r-oldrel-windows-x86_64 | 1.3.2 | 4.00 | 39.00 | 43.00 | OK |
Version: 1.3.2
Check: CRAN incoming feasibility
Result: NOTE
Maintainer: ‘Alejandro Saavedra-Nieves <alejandro.saavedra.nieves@gmail.com>’
No Authors@R field in DESCRIPTION.
Please add one, modifying
Authors@R: c(person(given = "Alejandro",
family = "Saavedra-Nieves",
role = c("aut", "cre"),
email = "alejandro.saavedra.nieves@gmail.com"),
person(given = "Paula",
family = "Saavedra-Nieves",
role = "aut"))
as necessary.
Flavors: r-devel-linux-x86_64-debian-clang, r-devel-linux-x86_64-debian-gcc