Last updated on 2025-04-29 12:52:39 CEST.
Flavor | Version | Tinstall | Tcheck | Ttotal | Status | Flags |
---|---|---|---|---|---|---|
r-devel-linux-x86_64-debian-clang | 3.0 | 4.39 | 37.79 | 42.18 | NOTE | |
r-devel-linux-x86_64-debian-gcc | 3.0 | 3.59 | 27.38 | 30.97 | NOTE | |
r-devel-linux-x86_64-fedora-clang | 3.0 | 65.15 | OK | |||
r-devel-linux-x86_64-fedora-gcc | 3.0 | 62.09 | OK | |||
r-devel-windows-x86_64 | 3.0 | 5.00 | 74.00 | 79.00 | OK | |
r-patched-linux-x86_64 | 3.0 | 6.15 | 36.12 | 42.27 | OK | |
r-release-linux-x86_64 | 3.0 | 4.20 | 35.87 | 40.07 | OK | |
r-release-macos-arm64 | 3.0 | 27.00 | OK | |||
r-release-macos-x86_64 | 3.0 | 53.00 | OK | |||
r-release-windows-x86_64 | 3.0 | 6.00 | 75.00 | 81.00 | OK | |
r-oldrel-macos-arm64 | 3.0 | 25.00 | OK | |||
r-oldrel-macos-x86_64 | 3.0 | 42.00 | OK | |||
r-oldrel-windows-x86_64 | 3.0 | 5.00 | 71.00 | 76.00 | OK |
Version: 3.0
Check: CRAN incoming feasibility
Result: NOTE
Maintainer: ‘Ana C. Cebrian <acebrian@unizar.es>’
No Authors@R field in DESCRIPTION.
Please add one, modifying
Authors@R: person(given = c("Ana", "C."),
family = "Cebrian",
role = c("aut", "cre"),
email = "acebrian@unizar.es")
as necessary.
Flavors: r-devel-linux-x86_64-debian-clang, r-devel-linux-x86_64-debian-gcc
Version: 3.0
Check: examples
Result: NOTE
Examples with CPU (user + system) or elapsed time > 5s
user system elapsed
DepqueueNHK 0.05 0.001 6.207
Flavor: r-devel-linux-x86_64-debian-clang