Last updated on 2025-05-07 11:55:32 CEST.
Flavor | Version | Tinstall | Tcheck | Ttotal | Status | Flags |
---|---|---|---|---|---|---|
r-devel-linux-x86_64-debian-clang | 0.9.0 | 2.48 | 25.62 | 28.10 | NOTE | |
r-devel-linux-x86_64-debian-gcc | 0.9.0 | 1.68 | 20.33 | 22.01 | NOTE | |
r-devel-linux-x86_64-fedora-clang | 0.9.0 | 42.39 | NOTE | |||
r-devel-linux-x86_64-fedora-gcc | 0.9.0 | 42.29 | OK | |||
r-devel-windows-x86_64 | 0.9.0 | 4.00 | 46.00 | 50.00 | OK | |
r-patched-linux-x86_64 | 0.9.0 | 2.59 | 23.24 | 25.83 | NOTE | |
r-release-linux-x86_64 | 0.9.0 | 1.96 | 23.31 | 25.27 | NOTE | |
r-release-macos-arm64 | 0.9.0 | 18.00 | OK | |||
r-release-macos-x86_64 | 0.9.0 | 29.00 | OK | |||
r-release-windows-x86_64 | 0.9.0 | 4.00 | 46.00 | 50.00 | OK | |
r-oldrel-macos-arm64 | 0.9.0 | 18.00 | OK | |||
r-oldrel-macos-x86_64 | 0.9.0 | 41.00 | OK | |||
r-oldrel-windows-x86_64 | 0.9.0 | 4.00 | 50.00 | 54.00 | OK |
Version: 0.9.0
Check: R code for possible problems
Result: NOTE
Found the following assignments to the global environment:
File ‘IgorR/R/ReadIgorBinary.R’:
assign(WaveName, rval, envir = .GlobalEnv)
Flavors: r-devel-linux-x86_64-debian-clang, r-devel-linux-x86_64-debian-gcc, r-devel-linux-x86_64-fedora-clang, r-patched-linux-x86_64, r-release-linux-x86_64