CRAN Package Check Results for Package ISAR

Last updated on 2024-04-16 11:55:21 CEST.

Flavor Version Tinstall Tcheck Ttotal Status Flags
r-devel-linux-x86_64-debian-clang 0.1.12 5.59 29.24 34.83 OK
r-devel-linux-x86_64-debian-gcc 0.1.12 4.69 23.18 27.87 OK
r-devel-linux-x86_64-fedora-clang 0.1.12 44.21 NOTE
r-devel-linux-x86_64-fedora-gcc 0.1.12 42.35 NOTE
r-prerel-macos-arm64 0.1.12 19.00 OK
r-prerel-windows-x86_64 0.1.12 7.00 50.00 57.00 OK
r-patched-linux-x86_64 0.1.12 4.71 28.82 33.53 OK
r-release-linux-x86_64 0.1.12 5.89 29.51 35.40 OK
r-release-macos-arm64 0.1.12 24.00 OK
r-release-macos-x86_64 0.1.12 52.00 OK
r-release-windows-x86_64 0.1.12 9.00 51.00 60.00 OK
r-oldrel-macos-arm64 0.1.12 25.00 OK
r-oldrel-windows-x86_64 0.1.12 10.00 106.00 116.00 OK

Check Details

Version: 0.1.12
Check: data for non-ASCII characters
Result: NOTE Note: found 117 marked UTF-8 strings Flavors: r-devel-linux-x86_64-fedora-clang, r-devel-linux-x86_64-fedora-gcc