Last updated on 2024-04-18 12:52:48 CEST.
Flavor | Version | Tinstall | Tcheck | Ttotal | Status | Flags |
---|---|---|---|---|---|---|
r-devel-linux-x86_64-debian-clang | 1.2 | 8.55 | 79.37 | 87.92 | NOTE | |
r-devel-linux-x86_64-debian-gcc | 1.2 | 7.58 | 59.84 | 67.42 | NOTE | |
r-devel-linux-x86_64-fedora-clang | 1.2 | 108.82 | NOTE | |||
r-devel-linux-x86_64-fedora-gcc | 1.2 | 105.08 | NOTE | |||
r-prerel-macos-arm64 | 1.2 | 33.00 | NOTE | |||
r-prerel-windows-x86_64 | 1.2 | 9.00 | 72.00 | 81.00 | NOTE | |
r-patched-linux-x86_64 | 1.2 | 8.72 | 74.31 | 83.03 | NOTE | |
r-release-linux-x86_64 | 1.2 | 9.42 | 76.81 | 86.23 | NOTE | |
r-release-macos-arm64 | 1.2 | 36.00 | NOTE | |||
r-release-macos-x86_64 | 1.2 | 63.00 | NOTE | |||
r-release-windows-x86_64 | 1.2 | 12.00 | 87.00 | 99.00 | NOTE | |
r-oldrel-macos-arm64 | 1.2 | 34.00 | NOTE | |||
r-oldrel-windows-x86_64 | 1.2 | 13.00 | 91.00 | 104.00 | NOTE |
Version: 1.2
Check: LazyData
Result: NOTE
'LazyData' is specified without a 'data' directory
Flavors: r-devel-linux-x86_64-debian-clang, r-devel-linux-x86_64-debian-gcc, r-devel-linux-x86_64-fedora-clang, r-devel-linux-x86_64-fedora-gcc, r-prerel-macos-arm64, r-prerel-windows-x86_64, r-patched-linux-x86_64, r-release-linux-x86_64, r-release-macos-arm64, r-release-macos-x86_64, r-release-windows-x86_64, r-oldrel-macos-arm64, r-oldrel-windows-x86_64