Last updated on 2024-03-29 09:55:26 CET.
Flavor | Version | Tinstall | Tcheck | Ttotal | Status | Flags |
---|---|---|---|---|---|---|
r-devel-linux-x86_64-debian-clang | 1.6.6 | 13.39 | 77.60 | 90.99 | NOTE | |
r-devel-linux-x86_64-debian-gcc | 1.6.6 | 15.50 | 59.48 | 74.98 | NOTE | |
r-devel-linux-x86_64-fedora-clang | 1.6.6 | 115.71 | NOTE | |||
r-devel-linux-x86_64-fedora-gcc | 1.6.6 | 132.45 | NOTE | |||
r-devel-windows-x86_64 | 1.6.6 | 43.00 | 121.00 | 164.00 | NOTE | |
r-patched-linux-x86_64 | 1.6.6 | 18.22 | 75.04 | 93.26 | NOTE | |
r-release-linux-x86_64 | 1.6.6 | 16.28 | 74.93 | 91.21 | OK | |
r-release-macos-arm64 | 1.6.6 | 145.00 | OK | |||
r-release-macos-x86_64 | 1.6.6 | 174.00 | OK | |||
r-release-windows-x86_64 | 1.6.6 | 51.00 | 136.00 | 187.00 | OK | |
r-oldrel-macos-arm64 | 1.6.6 | 142.00 | OK | |||
r-oldrel-windows-x86_64 | 1.6.6 | 45.00 | 141.00 | 186.00 | OK |
Version: 1.6.6
Check: Rd files
Result: NOTE
checkRd: (-1) getTimeseries.Rd:30: Lost braces
30 | \code{processing}{optional character string with processing commands }
| ^
checkRd: (-1) mergeTraces.Rd:27: Lost braces in \itemize; meant \describe ?
checkRd: (-1) mergeTraces.Rd:28: Lost braces in \itemize; meant \describe ?
checkRd: (-1) psdStatistics.Rd:26: Lost braces in \itemize; \value handles \item{}{} directly
checkRd: (-1) psdStatistics.Rd:27: Lost braces in \itemize; \value handles \item{}{} directly
checkRd: (-1) psdStatistics.Rd:28: Lost braces in \itemize; \value handles \item{}{} directly
checkRd: (-1) psdStatistics.Rd:29: Lost braces in \itemize; \value handles \item{}{} directly
checkRd: (-1) psdStatistics.Rd:30: Lost braces in \itemize; \value handles \item{}{} directly
checkRd: (-1) psdStatistics.Rd:31: Lost braces in \itemize; \value handles \item{}{} directly
checkRd: (-1) psdStatistics.Rd:32: Lost braces in \itemize; \value handles \item{}{} directly
checkRd: (-1) psdStatistics.Rd:33: Lost braces in \itemize; \value handles \item{}{} directly
checkRd: (-1) psdStatistics.Rd:34: Lost braces in \itemize; \value handles \item{}{} directly
checkRd: (-1) psdStatistics.Rd:35: Lost braces in \itemize; \value handles \item{}{} directly
checkRd: (-1) psdStatistics.Rd:36: Lost braces in \itemize; \value handles \item{}{} directly
checkRd: (-1) psdStatistics.Rd:37: Lost braces in \itemize; \value handles \item{}{} directly
checkRd: (-1) psdStatistics.Rd:38: Lost braces in \itemize; \value handles \item{}{} directly
Flavors: r-devel-linux-x86_64-debian-clang, r-devel-linux-x86_64-debian-gcc, r-devel-linux-x86_64-fedora-clang, r-devel-linux-x86_64-fedora-gcc, r-devel-windows-x86_64, r-patched-linux-x86_64