CRAN Package Check Results for Package IPWpn

Last updated on 2022-07-02 12:53:05 CEST.

Flavor Version Tinstall Tcheck Ttotal Status Flags
r-devel-linux-x86_64-debian-clang 0.1.0 13.43 106.02 119.45 OK
r-devel-linux-x86_64-debian-gcc 0.1.0 10.71 77.82 88.53 OK
r-devel-linux-x86_64-fedora-clang 0.1.0 157.58 NOTE
r-devel-linux-x86_64-fedora-gcc 0.1.0 147.34 NOTE
r-devel-windows-x86_64 0.1.0 15.00 126.00 141.00 OK
r-patched-linux-x86_64 0.1.0 8.94 97.88 106.82 OK
r-release-linux-x86_64 0.1.0 8.59 98.62 107.21 OK
r-release-macos-arm64 0.1.0 40.00 NOTE
r-release-macos-x86_64 0.1.0 73.00 NOTE
r-release-windows-x86_64 0.1.0 16.00 122.00 138.00 OK
r-oldrel-macos-arm64 0.1.0 43.00 NOTE
r-oldrel-macos-x86_64 0.1.0 76.00 NOTE
r-oldrel-windows-ix86+x86_64 0.1.0 31.00 119.00 150.00 OK

Additional issues

donttest

Check Details

Version: 0.1.0
Check: dependencies in R code
Result: NOTE
    Namespaces in Imports field not imported from:
     ‘mvtnorm’ ‘tidyr’
     All declared Imports should be used.
Flavors: r-devel-linux-x86_64-fedora-clang, r-devel-linux-x86_64-fedora-gcc, r-release-macos-arm64, r-release-macos-x86_64, r-oldrel-macos-arm64, r-oldrel-macos-x86_64