Last updated on 2022-06-30 11:53:10 CEST.
Flavor | Version | Tinstall | Tcheck | Ttotal | Status | Flags |
---|---|---|---|---|---|---|
r-devel-linux-x86_64-debian-clang | 1.1.8 | 18.21 | 192.02 | 210.23 | OK | |
r-devel-linux-x86_64-debian-gcc | 1.1.8 | 11.98 | 138.55 | 150.53 | OK | |
r-devel-linux-x86_64-fedora-clang | 1.1.8 | 267.19 | NOTE | |||
r-devel-linux-x86_64-fedora-gcc | 1.1.8 | 251.66 | NOTE | |||
r-devel-windows-x86_64 | 1.1.8 | 30.00 | 213.00 | 243.00 | OK | |
r-patched-linux-x86_64 | 1.1.8 | 13.96 | 180.98 | 194.94 | OK | |
r-release-linux-x86_64 | 1.1.8 | 15.23 | 181.11 | 196.34 | OK | |
r-release-macos-arm64 | 1.1.8 | 73.00 | NOTE | |||
r-release-macos-x86_64 | 1.1.8 | 98.00 | NOTE | |||
r-release-windows-x86_64 | 1.1.8 | 30.00 | 199.00 | 229.00 | OK | |
r-oldrel-macos-arm64 | 1.1.8 | 79.00 | NOTE | |||
r-oldrel-macos-x86_64 | 1.1.8 | 108.00 | NOTE | |||
r-oldrel-windows-ix86+x86_64 | 1.1.8 | 30.00 | 209.00 | 239.00 | OK |
Version: 1.1.8
Check: dependencies in R code
Result: NOTE
Namespaces in Imports field not imported from:
‘Matrix’ ‘expm’
All declared Imports should be used.
Flavors: r-devel-linux-x86_64-fedora-clang, r-devel-linux-x86_64-fedora-gcc, r-release-macos-arm64, r-release-macos-x86_64, r-oldrel-macos-arm64, r-oldrel-macos-x86_64