Last updated on 2024-04-17 10:41:39 CEST.
Flavor | Version | Tinstall | Tcheck | Ttotal | Status | Flags |
---|---|---|---|---|---|---|
r-devel-linux-x86_64-debian-clang | 0.1.8.10 | 52.05 | 150.44 | 202.49 | OK | |
r-devel-linux-x86_64-debian-gcc | 0.1.8.10 | 41.15 | 108.39 | 149.54 | OK | |
r-devel-linux-x86_64-fedora-clang | 0.1.8.10 | 276.02 | NOTE | |||
r-devel-linux-x86_64-fedora-gcc | 0.1.8.10 | 259.23 | NOTE | |||
r-prerel-macos-arm64 | 0.1.8.10 | 75.00 | NOTE | |||
r-prerel-macos-x86_64 | 0.1.8.10 | 165.00 | NOTE | |||
r-prerel-windows-x86_64 | 0.1.8.10 | 46.00 | 168.00 | 214.00 | OK | |
r-patched-linux-x86_64 | 0.1.8.10 | 48.19 | 139.02 | 187.21 | OK | |
r-release-linux-x86_64 | 0.1.8.10 | 38.26 | 141.13 | 179.39 | OK | |
r-release-macos-arm64 | 0.1.8.10 | 85.00 | NOTE | |||
r-release-macos-x86_64 | 0.1.8.10 | 157.00 | NOTE | |||
r-release-windows-x86_64 | 0.1.8.10 | 57.00 | 219.00 | 276.00 | OK | |
r-oldrel-macos-arm64 | 0.1.8.10 | 77.00 | OK | |||
r-oldrel-windows-x86_64 | 0.1.8.10 | 54.00 | 193.00 | 247.00 | OK |
Version: 0.1.8.10
Check: data for non-ASCII characters
Result: NOTE
Note: found 102 marked UTF-8 strings
Flavors: r-devel-linux-x86_64-fedora-clang, r-devel-linux-x86_64-fedora-gcc
Version: 0.1.8.10
Check: installed package size
Result: NOTE
installed size is 5.1Mb
sub-directories of 1Mb or more:
data 1.4Mb
libs 1.8Mb
shiny-server 1.0Mb
Flavors: r-prerel-macos-arm64, r-prerel-macos-x86_64, r-release-macos-arm64, r-release-macos-x86_64