Last updated on 2022-06-26 11:52:34 CEST.
Flavor | Version | Tinstall | Tcheck | Ttotal | Status | Flags |
---|---|---|---|---|---|---|
r-devel-linux-x86_64-debian-clang | 1.1 | 7.28 | 68.06 | 75.34 | NOTE | |
r-devel-linux-x86_64-debian-gcc | 1.1 | 5.91 | 48.93 | 54.84 | NOTE | |
r-devel-linux-x86_64-fedora-clang | 1.1 | 107.86 | NOTE | |||
r-devel-linux-x86_64-fedora-gcc | 1.1 | 96.78 | NOTE | |||
r-devel-windows-x86_64 | 1.1 | 12.00 | 94.00 | 106.00 | NOTE | |
r-patched-linux-x86_64 | 1.1 | 7.25 | 62.70 | 69.95 | NOTE | |
r-release-linux-x86_64 | 1.1 | 6.54 | 62.52 | 69.06 | NOTE | |
r-release-macos-arm64 | 1.1 | 27.00 | NOTE | |||
r-release-macos-x86_64 | 1.1 | 54.00 | NOTE | |||
r-release-windows-x86_64 | 1.1 | 9.00 | 95.00 | 104.00 | NOTE | |
r-oldrel-macos-arm64 | 1.1 | 33.00 | NOTE | |||
r-oldrel-macos-x86_64 | 1.1 | 55.00 | NOTE | |||
r-oldrel-windows-ix86+x86_64 | 1.1 | 19.00 | 81.00 | 100.00 | NOTE |
Version: 1.1
Check: LazyData
Result: NOTE
'LazyData' is specified without a 'data' directory
Flavors: r-devel-linux-x86_64-debian-clang, r-devel-linux-x86_64-debian-gcc, r-devel-linux-x86_64-fedora-clang, r-devel-linux-x86_64-fedora-gcc, r-devel-windows-x86_64, r-patched-linux-x86_64, r-release-linux-x86_64, r-release-macos-arm64, r-release-macos-x86_64, r-release-windows-x86_64, r-oldrel-macos-arm64, r-oldrel-macos-x86_64, r-oldrel-windows-ix86+x86_64