CRAN Package Check Results for Package IDetect

Last updated on 2023-10-01 12:00:39 CEST.

Flavor Version Tinstall Tcheck Ttotal Status Flags
r-devel-linux-x86_64-debian-clang 0.1.0 4.66 87.09 91.75 NOTE
r-devel-linux-x86_64-debian-gcc 0.1.0 3.45 61.98 65.43 NOTE
r-devel-linux-x86_64-fedora-clang 0.1.0 118.67 NOTE
r-devel-linux-x86_64-fedora-gcc 0.1.0 117.63 NOTE
r-devel-windows-x86_64 0.1.0 6.00 131.00 137.00 NOTE
r-patched-linux-x86_64 0.1.0 5.49 86.57 92.06 NOTE
r-release-linux-x86_64 0.1.0 4.61 86.80 91.41 NOTE
r-release-macos-arm64 0.1.0 38.00 NOTE
r-release-macos-x86_64 0.1.0 59.00 NOTE
r-release-windows-x86_64 0.1.0 6.00 108.00 114.00 NOTE
r-oldrel-macos-arm64 0.1.0 39.00 NOTE
r-oldrel-macos-x86_64 0.1.0 59.00 NOTE
r-oldrel-windows-x86_64 0.1.0 8.00 101.00 109.00 NOTE

Check Details

Version: 0.1.0
Check: LazyData
Result: NOTE
     'LazyData' is specified without a 'data' directory
Flavors: r-devel-linux-x86_64-debian-clang, r-devel-linux-x86_64-debian-gcc, r-devel-linux-x86_64-fedora-clang, r-devel-linux-x86_64-fedora-gcc, r-devel-windows-x86_64, r-patched-linux-x86_64, r-release-linux-x86_64, r-release-macos-arm64, r-release-macos-x86_64, r-release-windows-x86_64, r-oldrel-macos-arm64, r-oldrel-macos-x86_64, r-oldrel-windows-x86_64