CRAN Package Check Results for Package IDSA

Last updated on 2022-06-26 11:52:34 CEST.

Flavor Version Tinstall Tcheck Ttotal Status Flags
r-devel-linux-x86_64-debian-clang 2.1 6.18 73.45 79.63 OK
r-devel-linux-x86_64-debian-gcc 2.1 5.49 54.82 60.31 OK
r-devel-linux-x86_64-fedora-clang 2.1 113.00 NOTE
r-devel-linux-x86_64-fedora-gcc 2.1 103.67 NOTE
r-devel-windows-x86_64 2.1 16.00 110.00 126.00 OK
r-patched-linux-x86_64 2.1 7.44 68.78 76.22 OK
r-release-linux-x86_64 2.1 7.20 69.18 76.38 OK
r-release-macos-arm64 2.1 32.00 NOTE
r-release-macos-x86_64 2.1 63.00 NOTE
r-release-windows-x86_64 2.1 19.00 112.00 131.00 OK
r-oldrel-macos-arm64 2.1 37.00 NOTE
r-oldrel-macos-x86_64 2.1 46.00 NOTE
r-oldrel-windows-ix86+x86_64 2.1 20.00 97.00 117.00 OK

Check Details

Version: 2.1
Check: dependencies in R code
Result: NOTE
    Namespace in Imports field not imported from: ‘kableExtra’
     All declared Imports should be used.
Flavors: r-devel-linux-x86_64-fedora-clang, r-devel-linux-x86_64-fedora-gcc, r-release-macos-arm64, r-release-macos-x86_64, r-oldrel-macos-arm64, r-oldrel-macos-x86_64