Last updated on 2025-05-09 10:49:30 CEST.
Flavor | Version | Tinstall | Tcheck | Ttotal | Status | Flags |
---|---|---|---|---|---|---|
r-devel-linux-x86_64-debian-clang | 0.3-5 | 35.61 | 213.32 | 248.93 | NOTE | |
r-devel-linux-x86_64-debian-gcc | 0.3-5 | 25.81 | 140.93 | 166.74 | NOTE | |
r-devel-linux-x86_64-fedora-clang | 0.3-5 | 385.83 | OK | |||
r-devel-linux-x86_64-fedora-gcc | 0.3-5 | 405.51 | OK | |||
r-devel-windows-x86_64 | 0.3-5 | 39.00 | 213.00 | 252.00 | NOTE | |
r-patched-linux-x86_64 | 0.3-5 | 32.70 | 201.85 | 234.55 | NOTE | |
r-release-linux-x86_64 | 0.3-5 | 32.13 | 200.63 | 232.76 | NOTE | |
r-release-macos-arm64 | 0.3-5 | 108.00 | OK | |||
r-release-macos-x86_64 | 0.3-5 | 200.00 | OK | |||
r-release-windows-x86_64 | 0.3-5 | 40.00 | 206.00 | 246.00 | NOTE | |
r-oldrel-macos-arm64 | 0.3-5 | 89.00 | NOTE | |||
r-oldrel-macos-x86_64 | 0.3-5 | 135.00 | NOTE | |||
r-oldrel-windows-x86_64 | 0.3-5 | 52.00 | 251.00 | 303.00 | OK |
Version: 0.3-5
Check: Rd cross-references
Result: NOTE
Found the following Rd file(s) with Rd \link{} targets missing package
anchors:
covSIR.Rd: ics
ggplot.ictest.Rd: ggpairs
ggplot.ladle.Rd: ggpairs
Please provide package anchors for all Rd \link{} targets not in the
package itself and the base packages.
Flavors: r-devel-linux-x86_64-debian-clang, r-devel-linux-x86_64-debian-gcc, r-devel-windows-x86_64, r-patched-linux-x86_64, r-release-linux-x86_64, r-release-windows-x86_64
Version: 0.3-5
Check: installed package size
Result: NOTE
installed size is 5.4Mb
sub-directories of 1Mb or more:
doc 2.5Mb
libs 2.6Mb
Flavors: r-oldrel-macos-arm64, r-oldrel-macos-x86_64