Last updated on 2025-07-12 11:48:27 CEST.
Flavor | Version | Tinstall | Tcheck | Ttotal | Status | Flags |
---|---|---|---|---|---|---|
r-devel-linux-x86_64-debian-clang | 0.5.1 | 8.30 | 85.66 | 93.96 | NOTE | |
r-devel-linux-x86_64-debian-gcc | 0.5.1 | 5.63 | 60.71 | 66.34 | NOTE | |
r-devel-linux-x86_64-fedora-clang | 0.5.1 | 142.12 | OK | |||
r-devel-linux-x86_64-fedora-gcc | 0.5.1 | 128.16 | OK | |||
r-devel-windows-x86_64 | 0.5.1 | 9.00 | 88.00 | 97.00 | OK | |
r-patched-linux-x86_64 | 0.5.1 | 7.71 | 78.54 | 86.25 | OK | |
r-release-linux-x86_64 | 0.5.1 | 7.36 | 78.61 | 85.97 | OK | |
r-release-macos-arm64 | 0.5.1 | 50.00 | OK | |||
r-release-macos-x86_64 | 0.5.1 | 81.00 | OK | |||
r-release-windows-x86_64 | 0.5.1 | 9.00 | 88.00 | 97.00 | OK | |
r-oldrel-macos-arm64 | 0.5.1 | 42.00 | NOTE | |||
r-oldrel-macos-x86_64 | 0.5.1 | 62.00 | NOTE | |||
r-oldrel-windows-x86_64 | 0.5.1 | 13.00 | 113.00 | 126.00 | NOTE |
Version: 0.5.1
Check: CRAN incoming feasibility
Result: NOTE
Maintainer: ‘Weichi Yao <wy635@stern.nyu.edu>’
The Description field contains
<arXiv:1901.04599>.
Please refer to arXiv e-prints via their arXiv DOI <doi:10.48550/arXiv.YYMM.NNNNN>.
Flavors: r-devel-linux-x86_64-debian-clang, r-devel-linux-x86_64-debian-gcc
Version: 0.5.1
Check: LazyData
Result: NOTE
'LazyData' is specified without a 'data' directory
Flavors: r-oldrel-macos-arm64, r-oldrel-macos-x86_64, r-oldrel-windows-x86_64