CRAN Package Check Results for Package ICcforest

Last updated on 2022-07-02 12:53:05 CEST.

Flavor Version Tinstall Tcheck Ttotal Status Flags
r-devel-linux-x86_64-debian-clang 0.5.1 9.66 106.47 116.13 NOTE
r-devel-linux-x86_64-debian-gcc 0.5.1 7.69 78.71 86.40 NOTE
r-devel-linux-x86_64-fedora-clang 0.5.1 151.65 NOTE
r-devel-linux-x86_64-fedora-gcc 0.5.1 144.45 NOTE
r-devel-windows-x86_64 0.5.1 14.00 125.00 139.00 NOTE
r-patched-linux-x86_64 0.5.1 7.57 99.73 107.30 NOTE
r-release-linux-x86_64 0.5.1 7.50 99.78 107.28 NOTE
r-release-macos-arm64 0.5.1 51.00 NOTE
r-release-macos-x86_64 0.5.1 80.00 NOTE
r-release-windows-x86_64 0.5.1 18.00 123.00 141.00 NOTE
r-oldrel-macos-arm64 0.5.1 53.00 NOTE
r-oldrel-macos-x86_64 0.5.1 78.00 NOTE
r-oldrel-windows-ix86+x86_64 0.5.1 22.00 126.00 148.00 NOTE

Check Details

Version: 0.5.1
Check: LazyData
Result: NOTE
     'LazyData' is specified without a 'data' directory
Flavors: r-devel-linux-x86_64-debian-clang, r-devel-linux-x86_64-debian-gcc, r-devel-linux-x86_64-fedora-clang, r-devel-linux-x86_64-fedora-gcc, r-devel-windows-x86_64, r-patched-linux-x86_64, r-release-linux-x86_64, r-release-macos-arm64, r-release-macos-x86_64, r-release-windows-x86_64, r-oldrel-macos-arm64, r-oldrel-macos-x86_64, r-oldrel-windows-ix86+x86_64

Version: 0.5.1
Check: package dependencies
Result: NOTE
    Package suggested but not available for checking: ‘LTRCtrees’
Flavors: r-release-macos-arm64, r-oldrel-macos-arm64

Version: 0.5.1
Check: Rd cross-references
Result: NOTE
    Package unavailable to check Rd xrefs: ‘LTRCtrees’
Flavors: r-release-macos-arm64, r-oldrel-macos-arm64