Last updated on 2025-04-29 12:52:38 CEST.
Flavor | Version | Tinstall | Tcheck | Ttotal | Status | Flags |
---|---|---|---|---|---|---|
r-devel-linux-x86_64-debian-clang | 1.0 | 1.64 | 19.50 | 21.14 | NOTE | |
r-devel-linux-x86_64-debian-gcc | 1.0 | 1.54 | 15.40 | 16.94 | NOTE | |
r-devel-linux-x86_64-fedora-clang | 1.0 | 33.46 | OK | |||
r-devel-linux-x86_64-fedora-gcc | 1.0 | 32.43 | OK | |||
r-devel-windows-x86_64 | 1.0 | 3.00 | 38.00 | 41.00 | OK | |
r-patched-linux-x86_64 | 1.0 | 2.31 | 18.74 | 21.05 | OK | |
r-release-linux-x86_64 | 1.0 | 1.91 | 18.33 | 20.24 | OK | |
r-release-macos-arm64 | 1.0 | 14.00 | OK | |||
r-release-macos-x86_64 | 1.0 | 23.00 | OK | |||
r-release-windows-x86_64 | 1.0 | 3.00 | 40.00 | 43.00 | OK | |
r-oldrel-macos-arm64 | 1.0 | 14.00 | NOTE | |||
r-oldrel-macos-x86_64 | 1.0 | 22.00 | NOTE | |||
r-oldrel-windows-x86_64 | 1.0 | 2.00 | 38.00 | 40.00 | NOTE |
Version: 1.0
Check: CRAN incoming feasibility
Result: NOTE
Maintainer: ‘Olga Savchuk <olga.y.savchuk@gmail.com>’
No Authors@R field in DESCRIPTION.
Please add one, modifying
Authors@R: person(given = "Olga",
family = "Savchuk",
role = c("aut", "cre"),
email = "olga.y.savchuk@gmail.com")
as necessary.
Flavors: r-devel-linux-x86_64-debian-clang, r-devel-linux-x86_64-debian-gcc
Version: 1.0
Check: LazyData
Result: NOTE
'LazyData' is specified without a 'data' directory
Flavors: r-oldrel-macos-arm64, r-oldrel-macos-x86_64, r-oldrel-windows-x86_64