Last updated on 2025-01-24 12:48:45 CET.
Flavor | Version | Tinstall | Tcheck | Ttotal | Status | Flags |
---|---|---|---|---|---|---|
r-devel-linux-x86_64-debian-clang | 0.5 | 10.52 | 80.03 | 90.55 | NOTE | |
r-devel-linux-x86_64-debian-gcc | 0.5 | 7.75 | 57.31 | 65.06 | NOTE | |
r-devel-linux-x86_64-fedora-clang | 0.5 | 144.80 | OK | |||
r-devel-linux-x86_64-fedora-gcc | 0.5 | 134.14 | OK | |||
r-devel-windows-x86_64 | 0.5 | 12.00 | 87.00 | 99.00 | NOTE | |
r-patched-linux-x86_64 | 0.5 | 12.84 | 74.21 | 87.05 | OK | |
r-release-linux-x86_64 | 0.5 | 9.11 | 73.74 | 82.85 | OK | |
r-release-macos-arm64 | 0.5 | 42.00 | OK | |||
r-release-macos-x86_64 | 0.5 | 61.00 | OK | |||
r-release-windows-x86_64 | 0.5 | 10.00 | 85.00 | 95.00 | OK | |
r-oldrel-macos-arm64 | 0.5 | 46.00 | OK | |||
r-oldrel-macos-x86_64 | 0.5 | 72.00 | OK | |||
r-oldrel-windows-x86_64 | 0.5 | 12.00 | 106.00 | 118.00 | OK |
Version: 0.5
Check: Rd cross-references
Result: NOTE
Found the following Rd file(s) with Rd \link{} targets missing package
anchors:
ICSShiny.Rd: ICSOutlier, dist.simu.test, comp.simu.test
Please provide package anchors for all Rd \link{} targets not in the
package itself and the base packages.
Flavors: r-devel-linux-x86_64-debian-clang, r-devel-linux-x86_64-debian-gcc, r-devel-windows-x86_64