CRAN Package Check Results for Package ICGE

Last updated on 2025-07-15 12:49:22 CEST.

Flavor Version Tinstall Tcheck Ttotal Status Flags
r-devel-linux-x86_64-debian-clang 0.4.2 2.22 28.85 31.07 NOTE
r-devel-linux-x86_64-debian-gcc 0.4.2 2.17 21.69 23.86 NOTE
r-devel-linux-x86_64-fedora-clang 0.4.2 47.58 OK
r-devel-linux-x86_64-fedora-gcc 0.4.2 43.37 OK
r-devel-windows-x86_64 0.4.2 4.00 51.00 55.00 NOTE
r-patched-linux-x86_64 0.4.2 3.34 26.94 30.28 NOTE
r-release-linux-x86_64 0.4.2 2.56 26.97 29.53 NOTE
r-release-macos-arm64 0.4.2 19.00 OK
r-release-macos-x86_64 0.4.2 33.00 OK
r-release-windows-x86_64 0.4.2 6.00 55.00 61.00 NOTE
r-oldrel-macos-arm64 0.4.2 19.00 OK
r-oldrel-macos-x86_64 0.4.2 26.00 OK
r-oldrel-windows-x86_64 0.4.2 5.00 57.00 62.00 OK

Check Details

Version: 0.4.2
Check: Rd cross-references
Result: NOTE Found the following Rd file(s) with Rd \link{} targets missing package anchors: INCAnumclu.Rd: pam, diana, fanny Please provide package anchors for all Rd \link{} targets not in the package itself and the base packages. Flavors: r-devel-linux-x86_64-debian-clang, r-devel-linux-x86_64-debian-gcc, r-devel-windows-x86_64, r-patched-linux-x86_64, r-release-linux-x86_64, r-release-windows-x86_64