CRAN Package Check Results for Package ICD10gm

Last updated on 2022-06-25 10:53:05 CEST.

Flavor Version Tinstall Tcheck Ttotal Status Flags
r-devel-linux-x86_64-debian-clang 1.2.4 45.07 202.60 247.67 OK
r-devel-linux-x86_64-debian-gcc 1.2.4 36.86 148.15 185.01 OK
r-devel-linux-x86_64-fedora-clang 1.2.4 333.99 NOTE
r-devel-linux-x86_64-fedora-gcc 1.2.4 312.47 NOTE
r-devel-windows-x86_64 1.2.4 50.00 229.00 279.00 OK
r-patched-linux-x86_64 1.2.4 45.91 189.44 235.35 OK
r-release-linux-x86_64 1.2.4 41.65 192.03 233.68 OK
r-release-macos-arm64 1.2.4 104.00 NOTE
r-release-macos-x86_64 1.2.4 170.00 NOTE
r-release-windows-x86_64 1.2.4 44.00 233.00 277.00 OK
r-oldrel-macos-arm64 1.2.4 92.00 NOTE
r-oldrel-macos-x86_64 1.2.4 116.00 NOTE
r-oldrel-windows-ix86+x86_64 1.2.4 66.00 232.00 298.00 OK

Check Details

Version: 1.2.4
Check: data for non-ASCII characters
Result: NOTE
     Note: found 329984 marked UTF-8 strings
Flavors: r-devel-linux-x86_64-fedora-clang, r-devel-linux-x86_64-fedora-gcc, r-release-macos-arm64, r-release-macos-x86_64, r-oldrel-macos-arm64, r-oldrel-macos-x86_64