CRAN Package Check Results for Package ICBioMark

Last updated on 2024-07-14 11:55:59 CEST.

Flavor Version Tinstall Tcheck Ttotal Status Flags
r-devel-linux-x86_64-debian-clang 0.1.4 10.23 60.71 70.94 NOTE
r-devel-linux-x86_64-debian-gcc 0.1.4 9.02 45.67 54.69 NOTE
r-devel-linux-x86_64-fedora-clang 0.1.4 92.04 NOTE
r-devel-linux-x86_64-fedora-gcc 0.1.4 87.00 NOTE
r-devel-windows-x86_64 0.1.4 13.00 75.00 88.00 NOTE
r-patched-linux-x86_64 0.1.4 9.80 57.46 67.26 NOTE
r-release-linux-x86_64 0.1.4 10.83 56.48 67.31 NOTE
r-release-macos-arm64 0.1.4 35.00 NOTE
r-release-macos-x86_64 0.1.4 58.00 NOTE
r-release-windows-x86_64 0.1.4 12.00 74.00 86.00 NOTE
r-oldrel-macos-arm64 0.1.4 41.00 OK
r-oldrel-macos-x86_64 0.1.4 53.00 OK
r-oldrel-windows-x86_64 0.1.4 18.00 87.00 105.00 OK

Check Details

Version: 0.1.4
Check: Rd files
Result: NOTE checkRd: (-1) get_p.Rd:29: Lost braces; missing escapes or markup? 29 | \item A numeric p_norm, giving the factor between p_{gs} and phi_{0gs} (see paper for details). | ^ checkRd: (-1) get_p.Rd:29: Lost braces; missing escapes or markup? 29 | \item A numeric p_norm, giving the factor between p_{gs} and phi_{0gs} (see paper for details). | ^ Flavors: r-devel-linux-x86_64-debian-clang, r-devel-linux-x86_64-debian-gcc, r-devel-linux-x86_64-fedora-clang, r-devel-linux-x86_64-fedora-gcc, r-devel-windows-x86_64, r-patched-linux-x86_64, r-release-linux-x86_64, r-release-macos-arm64, r-release-macos-x86_64, r-release-windows-x86_64