CRAN Package Check Results for Package ICAMS

Last updated on 2022-07-02 12:53:05 CEST.

Flavor Version Tinstall Tcheck Ttotal Status Flags
r-devel-linux-x86_64-debian-clang 2.3.10 50.97 1036.54 1087.51 OK
r-devel-linux-x86_64-debian-gcc 2.3.10 50.62 669.80 720.42 OK
r-devel-linux-x86_64-fedora-clang 2.3.10 1173.23 OK
r-devel-linux-x86_64-fedora-gcc 2.3.10 1180.43 OK
r-devel-windows-x86_64 2.3.10 142.00 858.00 1000.00 OK
r-patched-linux-x86_64 2.3.10 52.80 856.24 909.04 OK
r-release-linux-x86_64 2.3.10 38.45 858.41 896.86 OK
r-release-macos-arm64 2.3.10 164.00 NOTE
r-release-macos-x86_64 2.3.10 277.00 NOTE
r-release-windows-x86_64 2.3.10 176.00 821.00 997.00 OK
r-oldrel-macos-arm64 2.3.10 371.00 NOTE
r-oldrel-macos-x86_64 2.3.10 241.00 NOTE
r-oldrel-windows-ix86+x86_64 2.3.10 110.00 882.00 992.00 OK

Check Details

Version: 2.3.10
Check: package dependencies
Result: NOTE
    Packages suggested but not available for checking:
     'BSgenome.Hsapiens.1000genomes.hs37d5',
     'BSgenome.Hsapiens.UCSC.hg38', 'BSgenome.Mmusculus.UCSC.mm10'
Flavors: r-release-macos-arm64, r-release-macos-x86_64, r-oldrel-macos-x86_64

Version: 2.3.10
Check: package dependencies
Result: NOTE
    Package suggested but not available for checking: ‘BSgenome.Mmusculus.UCSC.mm10’
Flavor: r-oldrel-macos-arm64