CRAN Package Check Results for Package HyMETT

Last updated on 2024-04-18 12:52:47 CEST.

Flavor Version Tinstall Tcheck Ttotal Status Flags
r-devel-linux-x86_64-debian-clang 1.1.2 6.68 79.61 86.29 OK
r-devel-linux-x86_64-debian-gcc 1.1.2 5.09 59.34 64.43 OK
r-devel-linux-x86_64-fedora-clang 1.1.2 105.23 NOTE
r-devel-linux-x86_64-fedora-gcc 1.1.2 115.10 OK
r-prerel-macos-arm64 1.1.2 41.00 NOTE
r-prerel-windows-x86_64 1.1.2 8.00 88.00 96.00 NOTE
r-patched-linux-x86_64 1.1.2 7.49 74.33 81.82 OK
r-release-linux-x86_64 1.1.2 5.04 75.42 80.46 OK
r-release-macos-arm64 1.1.2 43.00 NOTE
r-release-macos-x86_64 1.1.2 144.00 NOTE
r-release-windows-x86_64 1.1.2 10.00 99.00 109.00 NOTE
r-oldrel-macos-arm64 1.1.2 38.00 NOTE
r-oldrel-windows-x86_64 1.1.2 9.00 98.00 107.00 NOTE

Check Details

Version: 1.1.2
Check: installed package size
Result: NOTE installed size is 7.4Mb sub-directories of 1Mb or more: extdata 5.8Mb Flavors: r-devel-linux-x86_64-fedora-clang, r-prerel-macos-arm64, r-prerel-windows-x86_64, r-release-macos-arm64, r-release-macos-x86_64, r-release-windows-x86_64, r-oldrel-macos-arm64, r-oldrel-windows-x86_64