Last updated on 2025-04-29 12:52:38 CEST.
Flavor | Version | Tinstall | Tcheck | Ttotal | Status | Flags |
---|---|---|---|---|---|---|
r-devel-linux-x86_64-debian-clang | 0.1-3 | 1.22 | 16.62 | 17.84 | NOTE | |
r-devel-linux-x86_64-debian-gcc | 0.1-3 | 1.31 | 13.61 | 14.92 | NOTE | |
r-devel-linux-x86_64-fedora-clang | 0.1-3 | 27.86 | OK | |||
r-devel-linux-x86_64-fedora-gcc | 0.1-3 | 26.98 | OK | |||
r-devel-windows-x86_64 | 0.1-3 | 2.00 | 34.00 | 36.00 | OK | |
r-patched-linux-x86_64 | 0.1-3 | 1.31 | 15.72 | 17.03 | OK | |
r-release-linux-x86_64 | 0.1-3 | 1.51 | 15.77 | 17.28 | OK | |
r-release-macos-arm64 | 0.1-3 | 13.00 | OK | |||
r-release-macos-x86_64 | 0.1-3 | 20.00 | OK | |||
r-release-windows-x86_64 | 0.1-3 | 2.00 | 35.00 | 37.00 | OK | |
r-oldrel-macos-arm64 | 0.1-3 | 12.00 | OK | |||
r-oldrel-macos-x86_64 | 0.1-3 | 18.00 | OK | |||
r-oldrel-windows-x86_64 | 0.1-3 | 3.00 | 34.00 | 37.00 | OK |
Version: 0.1-3
Check: CRAN incoming feasibility
Result: NOTE
Maintainer: ‘Lawrence Hudson <quicklizard@googlemail.com>’
No Authors@R field in DESCRIPTION.
Please add one, modifying
Authors@R: person(given = "Lawrence",
family = "Hudson",
role = c("aut", "cre"),
email = "quicklizard@googlemail.com")
as necessary.
Flavors: r-devel-linux-x86_64-debian-clang, r-devel-linux-x86_64-debian-gcc