Last updated on 2024-04-19 11:56:48 CEST.
Flavor | Version | Tinstall | Tcheck | Ttotal | Status | Flags |
---|---|---|---|---|---|---|
r-devel-linux-x86_64-debian-clang | 0.9-1 | 2.42 | 70.41 | 72.83 | OK | |
r-devel-linux-x86_64-debian-gcc | 0.9-1 | OK | ||||
r-devel-linux-x86_64-fedora-clang | 0.9-1 | 90.60 | NOTE | |||
r-devel-linux-x86_64-fedora-gcc | 0.9-1 | 94.23 | OK | |||
r-prerel-macos-arm64 | 0.9-1 | 33.00 | OK | |||
r-prerel-windows-x86_64 | 0.9-1 | 5.00 | 87.00 | 92.00 | OK | |
r-patched-linux-x86_64 | 0.9-1 | 4.02 | 65.43 | 69.45 | OK | |
r-release-linux-x86_64 | 0.9-1 | 2.78 | 64.86 | 67.64 | OK | |
r-release-macos-arm64 | 0.9-1 | 50.00 | OK | |||
r-release-macos-x86_64 | 0.9-1 | 100.00 | OK | |||
r-release-windows-x86_64 | 0.9-1 | 5.00 | 98.00 | 103.00 | OK | |
r-oldrel-macos-arm64 | 0.9-1 | 45.00 | OK | |||
r-oldrel-windows-x86_64 | 0.9-1 | 7.00 | 98.00 | 105.00 | OK |
Version: 0.9-1
Check: Rd cross-references
Result: NOTE
Undeclared packages ‘Guerry’, ‘alr4’, ‘agridat’, ‘coin’ in Rd xrefs
Flavor: r-devel-linux-x86_64-fedora-clang