Last updated on 2024-04-23 10:54:05 CEST.
Flavor | Version | Tinstall | Tcheck | Ttotal | Status | Flags |
---|---|---|---|---|---|---|
r-devel-linux-x86_64-debian-clang | 1.0.8 | 84.47 | 160.74 | 245.21 | OK | |
r-devel-linux-x86_64-debian-gcc | 1.0.8 | 55.00 | 115.08 | 170.08 | OK | |
r-devel-linux-x86_64-fedora-clang | 1.0.8 | 303.96 | OK | |||
r-devel-linux-x86_64-fedora-gcc | 1.0.8 | 290.21 | OK | |||
r-prerel-macos-arm64 | 1.0.8 | 72.00 | NOTE | |||
r-prerel-macos-x86_64 | 1.0.8 | 184.00 | NOTE | |||
r-prerel-windows-x86_64 | 1.0.8 | 60.00 | 168.00 | 228.00 | OK | |
r-patched-linux-x86_64 | 1.0.8 | 57.74 | 147.39 | 205.13 | OK | |
r-release-linux-x86_64 | 1.0.8 | 71.21 | 153.82 | 225.03 | OK | |
r-release-macos-arm64 | 1.0.8 | 81.00 | NOTE | |||
r-release-macos-x86_64 | 1.0.8 | 176.00 | NOTE | |||
r-release-windows-x86_64 | 1.0.8 | 75.00 | 200.00 | 275.00 | OK | |
r-oldrel-macos-arm64 | 1.0.8 | 80.00 | NOTE | |||
r-oldrel-windows-x86_64 | 1.0.8 | 71.00 | 176.00 | 247.00 | OK |
Version: 1.0.8
Check: installed package size
Result: NOTE
installed size is 6.9Mb
sub-directories of 1Mb or more:
data 1.0Mb
libs 4.9Mb
Flavors: r-prerel-macos-arm64, r-prerel-macos-x86_64, r-release-macos-arm64, r-release-macos-x86_64, r-oldrel-macos-arm64