CRAN Package Check Results for Package HextractoR

Last updated on 2024-04-18 12:52:47 CEST.

Flavor Version Tinstall Tcheck Ttotal Status Flags
r-devel-linux-x86_64-debian-clang 1.4 3.87 32.19 36.06 NOTE
r-devel-linux-x86_64-debian-gcc 1.4 2.84 24.82 27.66 NOTE
r-devel-linux-x86_64-fedora-clang 1.4 45.48 NOTE
r-devel-linux-x86_64-fedora-gcc 1.4 42.94 NOTE
r-prerel-macos-arm64 1.4 18.00 NOTE
r-prerel-windows-x86_64 1.4 4.00 44.00 48.00 NOTE
r-patched-linux-x86_64 1.4 3.29 31.20 34.49 NOTE
r-release-linux-x86_64 1.4 3.86 31.46 35.32 NOTE
r-release-macos-arm64 1.4 20.00 NOTE
r-release-macos-x86_64 1.4 26.00 NOTE
r-release-windows-x86_64 1.4 6.00 46.00 52.00 NOTE
r-oldrel-macos-arm64 1.4 15.00 NOTE
r-oldrel-windows-x86_64 1.4 5.00 52.00 57.00 NOTE

Check Details

Version: 1.4
Check: LazyData
Result: NOTE 'LazyData' is specified without a 'data' directory Flavors: r-devel-linux-x86_64-debian-clang, r-devel-linux-x86_64-debian-gcc, r-devel-linux-x86_64-fedora-clang, r-devel-linux-x86_64-fedora-gcc, r-prerel-macos-arm64, r-prerel-windows-x86_64, r-patched-linux-x86_64, r-release-linux-x86_64, r-release-macos-arm64, r-release-macos-x86_64, r-release-windows-x86_64, r-oldrel-macos-arm64, r-oldrel-windows-x86_64