Last updated on 2025-05-12 13:50:15 CEST.
Flavor | Version | Tinstall | Tcheck | Ttotal | Status | Flags |
---|---|---|---|---|---|---|
r-devel-linux-x86_64-debian-clang | 0.1.1 | 1.77 | 20.02 | 21.79 | NOTE | |
r-devel-linux-x86_64-debian-gcc | 0.1.1 | 1.34 | 17.25 | 18.59 | NOTE | |
r-devel-linux-x86_64-fedora-clang | 0.1.1 | 35.52 | OK | |||
r-devel-linux-x86_64-fedora-gcc | 0.1.1 | 47.45 | OK | |||
r-devel-windows-x86_64 | 0.1.1 | 4.00 | 42.00 | 46.00 | OK | |
r-patched-linux-x86_64 | 0.1.1 | 1.63 | 19.70 | 21.33 | OK | |
r-release-linux-x86_64 | 0.1.1 | 1.56 | 19.53 | 21.09 | OK | |
r-release-macos-arm64 | 0.1.1 | 22.00 | OK | |||
r-release-macos-x86_64 | 0.1.1 | 37.00 | OK | |||
r-release-windows-x86_64 | 0.1.1 | 3.00 | 42.00 | 45.00 | OK | |
r-oldrel-macos-arm64 | 0.1.1 | 20.00 | OK | |||
r-oldrel-macos-x86_64 | 0.1.1 | 33.00 | OK | |||
r-oldrel-windows-x86_64 | 0.1.1 | 4.00 | 47.00 | 51.00 | OK |
Version: 0.1.1
Check: CRAN incoming feasibility
Result: NOTE
Maintainer: ‘Pankaj Das <pankaj.das2@icar.gov.in>’
No Authors@R field in DESCRIPTION.
Please add one, modifying
Authors@R: person(given = "Pankaj",
family = "Das",
role = c("aut", "cre"),
email = "pankaj.das2@icar.gov.in",
comment = c(ORCID = "0000-0003-1672-2502"))
as necessary.
Flavors: r-devel-linux-x86_64-debian-clang, r-devel-linux-x86_64-debian-gcc