Last updated on 2024-04-19 11:56:48 CEST.
Flavor | Version | Tinstall | Tcheck | Ttotal | Status | Flags |
---|---|---|---|---|---|---|
r-devel-linux-x86_64-debian-clang | 2.0 | 24.87 | 45.85 | 70.72 | NOTE | |
r-devel-linux-x86_64-debian-gcc | 2.0 | NOTE | ||||
r-devel-linux-x86_64-fedora-clang | 2.0 | 91.17 | NOTE | |||
r-devel-linux-x86_64-fedora-gcc | 2.0 | 89.52 | NOTE | |||
r-prerel-macos-arm64 | 2.0 | 28.00 | NOTE | |||
r-prerel-windows-x86_64 | 2.0 | 27.00 | 73.00 | 100.00 | NOTE | |
r-patched-linux-x86_64 | 2.0 | 25.00 | 44.95 | 69.95 | NOTE | |
r-release-linux-x86_64 | 2.0 | 25.49 | 42.89 | 68.38 | OK | |
r-release-macos-arm64 | 2.0 | 30.00 | OK | |||
r-release-macos-x86_64 | 2.0 | 42.00 | OK | |||
r-release-windows-x86_64 | 2.0 | 29.00 | 80.00 | 109.00 | OK | |
r-oldrel-macos-arm64 | 2.0 | 24.00 | OK | |||
r-oldrel-windows-x86_64 | 2.0 | 29.00 | 82.00 | 111.00 | OK |
Version: 2.0
Check: Rd files
Result: NOTE
checkRd: (-1) CalcROC.Rd:47: Lost braces
47 | The accuracy of the classifier is the mean value of dQuote{(optSn, optSp)} for two-class problem and the mean value of \dQuote{(optSn, optSp,optS3)} for three-class problem.
| ^
Flavors: r-devel-linux-x86_64-debian-clang, r-devel-linux-x86_64-debian-gcc, r-devel-linux-x86_64-fedora-clang, r-devel-linux-x86_64-fedora-gcc, r-prerel-macos-arm64, r-prerel-windows-x86_64, r-patched-linux-x86_64