Last updated on 2024-03-29 09:55:25 CET.
Flavor | Version | Tinstall | Tcheck | Ttotal | Status | Flags |
---|---|---|---|---|---|---|
r-devel-linux-x86_64-debian-clang | 1.4.1 | 10.03 | 209.46 | 219.49 | NOTE | --no-vignettes |
r-devel-linux-x86_64-debian-gcc | 1.4.1 | 7.59 | 151.98 | 159.57 | NOTE | --no-vignettes |
r-devel-linux-x86_64-fedora-clang | 1.4.1 | 1514.00 | NOTE | |||
r-devel-linux-x86_64-fedora-gcc | 1.4.1 | 1382.04 | NOTE | |||
r-devel-windows-x86_64 | 1.4.1 | 11.00 | 184.00 | 195.00 | NOTE | --no-vignettes |
r-patched-linux-x86_64 | 1.4.1 | 7.60 | 200.21 | 207.81 | NOTE | --no-vignettes |
r-release-linux-x86_64 | 1.4.1 | 5.67 | 201.44 | 207.11 | OK | --no-vignettes |
r-release-macos-arm64 | 1.4.1 | 10.00 | ERROR | |||
r-release-macos-x86_64 | 1.4.1 | 9.00 | ERROR | |||
r-release-windows-x86_64 | 1.4.1 | 13.00 | 221.00 | 234.00 | OK | --no-vignettes |
r-oldrel-macos-arm64 | 1.4.1 | 195.00 | NOTE | |||
r-oldrel-windows-x86_64 | 1.4.1 | 14.00 | 239.00 | 253.00 | OK | --no-vignettes |
Version: 1.4.1
Flags: --no-vignettes
Check: Rd files
Result: NOTE
checkRd: (-1) BD_shift.Rd:67-73: Lost braces in \itemize; meant \describe ?
checkRd: (-1) BD_shift.Rd:74-77: Lost braces in \itemize; meant \describe ?
checkRd: (-1) BD_shift.Rd:78-82: Lost braces in \itemize; meant \describe ?
checkRd: (-1) BD_shift.Rd:83-87: Lost braces in \itemize; meant \describe ?
checkRd: (-1) data-physeq_rep3.Rd:11: Lost braces in \itemize; meant \describe ?
checkRd: (-1) data-physeq_rep3.Rd:12: Lost braces in \itemize; meant \describe ?
checkRd: (-1) data-physeq_rep3.Rd:13: Lost braces in \itemize; meant \describe ?
checkRd: (-1) data-physeq_rep3.Rd:14: Lost braces in \itemize; meant \describe ?
checkRd: (-1) data-physeq_rep3.Rd:15: Lost braces in \itemize; meant \describe ?
checkRd: (-1) data-physeq_rep3.Rd:16: Lost braces in \itemize; meant \describe ?
checkRd: (-1) heavy_SIP.Rd:69-71: Lost braces in \itemize; meant \describe ?
checkRd: (-1) heavy_SIP.Rd:72-75: Lost braces in \itemize; meant \describe ?
checkRd: (-1) heavy_SIP.Rd:76-79: Lost braces in \itemize; meant \describe ?
Flavors: r-devel-linux-x86_64-debian-clang, r-devel-linux-x86_64-debian-gcc, r-devel-windows-x86_64, r-patched-linux-x86_64
Version: 1.4.1
Check: dependencies in R code
Result: NOTE
Namespace in Imports field not imported from: ‘igraph’
All declared Imports should be used.
Flavors: r-devel-linux-x86_64-fedora-clang, r-devel-linux-x86_64-fedora-gcc, r-oldrel-macos-arm64
Version: 1.4.1
Check: Rd files
Result: NOTE
checkRd: (-1) BD_shift.Rd:67-73: Lost braces in \itemize; meant \describe ?
checkRd: (-1) BD_shift.Rd:74-77: Lost braces in \itemize; meant \describe ?
checkRd: (-1) BD_shift.Rd:78-82: Lost braces in \itemize; meant \describe ?
checkRd: (-1) BD_shift.Rd:83-87: Lost braces in \itemize; meant \describe ?
checkRd: (-1) data-physeq_rep3.Rd:11: Lost braces in \itemize; meant \describe ?
checkRd: (-1) data-physeq_rep3.Rd:12: Lost braces in \itemize; meant \describe ?
checkRd: (-1) data-physeq_rep3.Rd:13: Lost braces in \itemize; meant \describe ?
checkRd: (-1) data-physeq_rep3.Rd:14: Lost braces in \itemize; meant \describe ?
checkRd: (-1) data-physeq_rep3.Rd:15: Lost braces in \itemize; meant \describe ?
checkRd: (-1) data-physeq_rep3.Rd:16: Lost braces in \itemize; meant \describe ?
checkRd: (-1) heavy_SIP.Rd:69-71: Lost braces in \itemize; meant \describe ?
checkRd: (-1) heavy_SIP.Rd:72-75: Lost braces in \itemize; meant \describe ?
checkRd: (-1) heavy_SIP.Rd:76-79: Lost braces in \itemize; meant \describe ?
Flavors: r-devel-linux-x86_64-fedora-clang, r-devel-linux-x86_64-fedora-gcc
Version: 1.4.1
Check: package dependencies
Result: ERROR
Package required but not available: ‘phyloseq’
See section ‘The DESCRIPTION file’ in the ‘Writing R Extensions’
manual.
Flavors: r-release-macos-arm64, r-release-macos-x86_64