CRAN Package Check Results for Package HSEtest

Last updated on 2025-04-29 12:52:38 CEST.

Flavor Version Tinstall Tcheck Ttotal Status Flags
r-devel-linux-x86_64-debian-clang 0.1.0 1.47 16.20 17.67 NOTE
r-devel-linux-x86_64-debian-gcc 0.1.0 1.24 13.50 14.74 NOTE
r-devel-linux-x86_64-fedora-clang 0.1.0 27.70 OK
r-devel-linux-x86_64-fedora-gcc 0.1.0 26.45 OK
r-devel-windows-x86_64 0.1.0 3.00 33.00 36.00 OK
r-patched-linux-x86_64 0.1.0 1.36 15.30 16.66 OK
r-release-linux-x86_64 0.1.0 1.55 15.23 16.78 OK
r-release-macos-arm64 0.1.0 13.00 OK
r-release-macos-x86_64 0.1.0 20.00 OK
r-release-windows-x86_64 0.1.0 3.00 34.00 37.00 OK
r-oldrel-macos-arm64 0.1.0 12.00 OK
r-oldrel-macos-x86_64 0.1.0 25.00 OK
r-oldrel-windows-x86_64 0.1.0 3.00 33.00 36.00 OK

Check Details

Version: 0.1.0
Check: CRAN incoming feasibility
Result: NOTE Maintainer: ‘Zhicheng Du<dgdzc@hotmail.com>’ No Authors@R field in DESCRIPTION. Please add one, modifying Authors@R: c(person(given = "Zhicheng", family = "Du", role = c("aut", "cre"), email = "dgdzc@hotmail.com"), person(given = "Yuantao", family = "Hao", role = "aut")) as necessary. Flavors: r-devel-linux-x86_64-debian-clang, r-devel-linux-x86_64-debian-gcc