CRAN Package Check Results for Package HSDiC

Last updated on 2024-02-28 10:14:04 CET.

Flavor Version Tinstall Tcheck Ttotal Status Flags
r-devel-linux-x86_64-debian-clang 0.1 9.23 75.03 84.26 NOTE
r-devel-linux-x86_64-debian-gcc 0.1 6.55 56.84 63.39 NOTE
r-devel-linux-x86_64-fedora-clang 0.1 99.97 NOTE
r-devel-linux-x86_64-fedora-gcc 0.1 97.61 NOTE
r-devel-windows-x86_64 0.1 8.00 78.00 86.00 NOTE
r-patched-linux-x86_64 0.1 9.55 73.83 83.38 NOTE
r-release-linux-x86_64 0.1 6.98 72.80 79.78 NOTE
r-release-macos-arm64 0.1 36.00 NOTE
r-release-macos-x86_64 0.1 53.00 NOTE
r-release-windows-x86_64 0.1 10.00 85.00 95.00 NOTE
r-oldrel-macos-arm64 0.1 36.00 NOTE
r-oldrel-windows-x86_64 0.1 10.00 89.00 99.00 NOTE

Check Details

Version: 0.1
Check: LazyData
Result: NOTE 'LazyData' is specified without a 'data' directory Flavors: r-devel-linux-x86_64-debian-clang, r-devel-linux-x86_64-debian-gcc, r-devel-linux-x86_64-fedora-clang, r-devel-linux-x86_64-fedora-gcc, r-devel-windows-x86_64, r-patched-linux-x86_64, r-release-linux-x86_64, r-release-macos-arm64, r-release-macos-x86_64, r-release-windows-x86_64, r-oldrel-macos-arm64, r-oldrel-windows-x86_64