Last updated on 2025-04-29 12:52:38 CEST.
Flavor | Version | Tinstall | Tcheck | Ttotal | Status | Flags |
---|---|---|---|---|---|---|
r-devel-linux-x86_64-debian-clang | 1.0.4 | 2.86 | 21.30 | 24.16 | NOTE | |
r-devel-linux-x86_64-debian-gcc | 1.0.4 | 1.92 | 17.05 | 18.97 | NOTE | |
r-devel-linux-x86_64-fedora-clang | 1.0.4 | 37.29 | OK | |||
r-devel-linux-x86_64-fedora-gcc | 1.0.4 | 36.33 | OK | |||
r-devel-windows-x86_64 | 1.0.4 | 4.00 | 38.00 | 42.00 | OK | |
r-patched-linux-x86_64 | 1.0.4 | 2.74 | 20.35 | 23.09 | OK | |
r-release-linux-x86_64 | 1.0.4 | 2.59 | 20.32 | 22.91 | OK | |
r-release-macos-arm64 | 1.0.4 | 15.00 | OK | |||
r-release-macos-x86_64 | 1.0.4 | 24.00 | OK | |||
r-release-windows-x86_64 | 1.0.4 | 4.00 | 38.00 | 42.00 | OK | |
r-oldrel-macos-arm64 | 1.0.4 | 19.00 | OK | |||
r-oldrel-macos-x86_64 | 1.0.4 | 35.00 | OK | |||
r-oldrel-windows-x86_64 | 1.0.4 | 6.00 | 42.00 | 48.00 | OK |
Version: 1.0.4
Check: CRAN incoming feasibility
Result: NOTE
Maintainer: ‘Asger R. Pedersen <arpstat@outlook.dk>’
No Authors@R field in DESCRIPTION.
Please add one, modifying
Authors@R: person(given = c("Asger", "R."),
family = "Pedersen",
role = c("aut", "cre"),
email = "arpstat@outlook.dk")
as necessary.
Flavors: r-devel-linux-x86_64-debian-clang, r-devel-linux-x86_64-debian-gcc