CRAN Package Check Results for Package HMMEsolver

Last updated on 2022-07-06 12:53:37 CEST.

Flavor Version Tinstall Tcheck Ttotal Status Flags
r-devel-linux-x86_64-debian-clang 0.1.2 51.05 28.31 79.36 NOTE
r-devel-linux-x86_64-debian-gcc 0.1.2 42.53 22.27 64.80 NOTE
r-devel-linux-x86_64-fedora-clang 0.1.2 131.45 NOTE
r-devel-linux-x86_64-fedora-gcc 0.1.2 114.03 NOTE
r-devel-windows-x86_64 0.1.2 55.00 73.00 128.00 NOTE
r-patched-linux-x86_64 0.1.2 46.59 27.29 73.88 NOTE
r-release-linux-x86_64 0.1.2 45.85 27.56 73.41 NOTE
r-release-macos-arm64 0.1.2 34.00 NOTE
r-release-macos-x86_64 0.1.2 41.00 NOTE
r-release-windows-x86_64 0.1.2 63.00 77.00 140.00 NOTE
r-oldrel-macos-arm64 0.1.2 36.00 NOTE
r-oldrel-macos-x86_64 0.1.2 55.00 NOTE
r-oldrel-windows-ix86+x86_64 0.1.2 142.00 74.00 216.00 NOTE

Check Details

Version: 0.1.2
Check: LazyData
Result: NOTE
     'LazyData' is specified without a 'data' directory
Flavors: r-devel-linux-x86_64-debian-clang, r-devel-linux-x86_64-debian-gcc, r-devel-linux-x86_64-fedora-clang, r-devel-linux-x86_64-fedora-gcc, r-devel-windows-x86_64, r-patched-linux-x86_64, r-release-linux-x86_64, r-release-macos-arm64, r-release-macos-x86_64, r-release-windows-x86_64, r-oldrel-macos-arm64, r-oldrel-macos-x86_64, r-oldrel-windows-ix86+x86_64