Last updated on 2022-07-06 12:53:37 CEST.
Flavor | Version | Tinstall | Tcheck | Ttotal | Status | Flags |
---|---|---|---|---|---|---|
r-devel-linux-x86_64-debian-clang | 1.1 | 122.30 | 34.01 | 156.31 | OK | |
r-devel-linux-x86_64-debian-gcc | 1.1 | 106.46 | 27.19 | 133.65 | OK | |
r-devel-linux-x86_64-fedora-clang | 1.1 | 265.22 | NOTE | |||
r-devel-linux-x86_64-fedora-gcc | 1.1 | 231.12 | OK | |||
r-devel-windows-x86_64 | 1.1 | 111.00 | 80.00 | 191.00 | OK | |
r-patched-linux-x86_64 | 1.1 | 112.34 | 33.84 | 146.18 | OK | |
r-release-linux-x86_64 | 1.1 | 114.75 | 33.93 | 148.68 | OK | |
r-release-macos-arm64 | 1.1 | 52.00 | NOTE | |||
r-release-macos-x86_64 | 1.1 | 71.00 | NOTE | |||
r-release-windows-x86_64 | 1.1 | 128.00 | 89.00 | 217.00 | OK | |
r-oldrel-macos-arm64 | 1.1 | 63.00 | NOTE | |||
r-oldrel-macos-x86_64 | 1.1 | 150.00 | NOTE | |||
r-oldrel-windows-ix86+x86_64 | 1.1 | 335.00 | 85.00 | 420.00 | NOTE |
Version: 1.1
Check: installed package size
Result: NOTE
installed size is 6.9Mb
sub-directories of 1Mb or more:
data 3.5Mb
libs 3.1Mb
Flavors: r-devel-linux-x86_64-fedora-clang, r-release-macos-arm64, r-release-macos-x86_64, r-oldrel-macos-arm64, r-oldrel-macos-x86_64, r-oldrel-windows-ix86+x86_64