Last updated on 2022-06-30 11:53:09 CEST.
Flavor | Version | Tinstall | Tcheck | Ttotal | Status | Flags |
---|---|---|---|---|---|---|
r-devel-linux-x86_64-debian-clang | 0.0-2 | 11.34 | 82.93 | 94.27 | NOTE | |
r-devel-linux-x86_64-debian-gcc | 0.0-2 | 10.62 | 63.81 | 74.43 | NOTE | |
r-devel-linux-x86_64-fedora-clang | 0.0-2 | 128.47 | WARN | |||
r-devel-linux-x86_64-fedora-gcc | 0.0-2 | 126.20 | WARN | |||
r-devel-windows-x86_64 | 0.0-2 | 33.00 | 112.00 | 145.00 | NOTE | |
r-patched-linux-x86_64 | 0.0-2 | 12.56 | 80.97 | 93.53 | NOTE | |
r-release-linux-x86_64 | 0.0-2 | 12.00 | 80.90 | 92.90 | NOTE | |
r-release-macos-arm64 | 0.0-2 | 53.00 | NOTE | |||
r-release-macos-x86_64 | 0.0-2 | 51.00 | NOTE | |||
r-release-windows-x86_64 | 0.0-2 | 36.00 | 110.00 | 146.00 | NOTE | |
r-oldrel-macos-arm64 | 0.0-2 | 45.00 | NOTE | |||
r-oldrel-macos-x86_64 | 0.0-2 | 59.00 | NOTE | |||
r-oldrel-windows-ix86+x86_64 | 0.0-2 | 37.00 | 137.00 | 174.00 | NOTE |
Version: 0.0-2
Check: package dependencies
Result: NOTE
Package suggested but not available for checking: 'FGN'
Flavors: r-devel-linux-x86_64-debian-clang, r-devel-linux-x86_64-debian-gcc, r-devel-windows-x86_64, r-patched-linux-x86_64, r-release-linux-x86_64, r-release-macos-arm64, r-release-macos-x86_64, r-release-windows-x86_64, r-oldrel-macos-arm64, r-oldrel-macos-x86_64, r-oldrel-windows-ix86+x86_64
Version: 0.0-2
Check: package dependencies
Result: WARN
Package suggested but not available for checking: ‘FGN’
Requires orphaned package: ‘gtools’
Flavors: r-devel-linux-x86_64-fedora-clang, r-devel-linux-x86_64-fedora-gcc
Version: 0.0-2
Check: compiled code
Result: NOTE
File ‘HKprocess/libs/HKprocess.so’:
Found no calls to: ‘R_registerRoutines’, ‘R_useDynamicSymbols’
It is good practice to register native routines and to disable symbol
search.
See ‘Writing portable packages’ in the ‘Writing R Extensions’ manual.
Flavors: r-devel-linux-x86_64-fedora-clang, r-devel-linux-x86_64-fedora-gcc