Last updated on 2025-04-29 12:52:38 CEST.
Flavor | Version | Tinstall | Tcheck | Ttotal | Status | Flags |
---|---|---|---|---|---|---|
r-devel-linux-x86_64-debian-clang | 1.0.0 | 1.67 | 16.34 | 18.01 | NOTE | |
r-devel-linux-x86_64-debian-gcc | 1.0.0 | 1.32 | 13.97 | 15.29 | NOTE | |
r-devel-linux-x86_64-fedora-clang | 1.0.0 | 27.83 | OK | |||
r-devel-linux-x86_64-fedora-gcc | 1.0.0 | 27.04 | OK | |||
r-devel-windows-x86_64 | 1.0.0 | 2.00 | 33.00 | 35.00 | OK | |
r-patched-linux-x86_64 | 1.0.0 | 1.38 | 15.63 | 17.01 | OK | |
r-release-linux-x86_64 | 1.0.0 | 1.55 | 15.61 | 17.16 | OK | |
r-release-macos-arm64 | 1.0.0 | 13.00 | OK | |||
r-release-macos-x86_64 | 1.0.0 | 23.00 | OK | |||
r-release-windows-x86_64 | 1.0.0 | 3.00 | 34.00 | 37.00 | OK | |
r-oldrel-macos-arm64 | 1.0.0 | 13.00 | NOTE | |||
r-oldrel-macos-x86_64 | 1.0.0 | 19.00 | NOTE | |||
r-oldrel-windows-x86_64 | 1.0.0 | 2.00 | 34.00 | 36.00 | NOTE |
Version: 1.0.0
Check: CRAN incoming feasibility
Result: NOTE
Maintainer: ‘Yongjian Kang <yongjiak@usc.edu>’
The Description field contains
(2018)<arXiv:1606.03803>.
Please refer to arXiv e-prints via their arXiv DOI <doi:10.48550/arXiv.YYMM.NNNNN>.
Flavors: r-devel-linux-x86_64-debian-clang, r-devel-linux-x86_64-debian-gcc
Version: 1.0.0
Check: LazyData
Result: NOTE
'LazyData' is specified without a 'data' directory
Flavors: r-oldrel-macos-arm64, r-oldrel-macos-x86_64, r-oldrel-windows-x86_64