Last updated on 2024-03-29 09:55:25 CET.
Flavor | Version | Tinstall | Tcheck | Ttotal | Status | Flags |
---|---|---|---|---|---|---|
r-devel-linux-x86_64-debian-clang | 2.7.4 | 12.75 | 141.90 | 154.65 | NOTE | |
r-devel-linux-x86_64-debian-gcc | 2.7.4 | 10.68 | 105.09 | 115.77 | NOTE | |
r-devel-linux-x86_64-fedora-clang | 2.7.4 | 195.91 | NOTE | |||
r-devel-linux-x86_64-fedora-gcc | 2.7.4 | 184.20 | NOTE | |||
r-devel-windows-x86_64 | 2.7.4 | 17.00 | 141.00 | 158.00 | NOTE | |
r-patched-linux-x86_64 | 2.7.4 | 9.50 | 137.80 | 147.30 | NOTE | |
r-release-linux-x86_64 | 2.7.4 | 10.87 | 137.21 | 148.08 | NOTE | |
r-release-macos-arm64 | 2.7.4 | 58.00 | NOTE | |||
r-release-macos-x86_64 | 2.7.4 | 96.00 | NOTE | |||
r-release-windows-x86_64 | 2.7.4 | 18.00 | 195.00 | 213.00 | NOTE | |
r-oldrel-macos-arm64 | 2.7.4 | 57.00 | OK | |||
r-oldrel-windows-x86_64 | 2.7.4 | 19.00 | 171.00 | 190.00 | OK |
Version: 2.7.4
Check: C++ specification
Result: NOTE
Specified C++11: please drop specification unless essential
Flavors: r-devel-linux-x86_64-debian-clang, r-devel-linux-x86_64-debian-gcc, r-devel-linux-x86_64-fedora-clang, r-devel-linux-x86_64-fedora-gcc, r-devel-windows-x86_64, r-patched-linux-x86_64, r-release-linux-x86_64, r-release-macos-arm64, r-release-macos-x86_64, r-release-windows-x86_64