Last updated on 2024-04-23 10:54:05 CEST.
Flavor | Version | Tinstall | Tcheck | Ttotal | Status | Flags |
---|---|---|---|---|---|---|
r-devel-linux-x86_64-debian-clang | 1.1.3 | 21.42 | 98.59 | 120.01 | OK | |
r-devel-linux-x86_64-debian-gcc | 1.1.3 | 20.31 | 72.48 | 92.79 | OK | |
r-devel-linux-x86_64-fedora-clang | 1.1.3 | 151.42 | OK | |||
r-devel-linux-x86_64-fedora-gcc | 1.1.3 | 155.39 | OK | |||
r-prerel-macos-arm64 | 1.1.3 | 54.00 | NOTE | |||
r-prerel-windows-x86_64 | 1.1.3 | 23.00 | 84.00 | 107.00 | OK | |
r-patched-linux-x86_64 | 1.1.3 | 18.65 | 94.39 | 113.04 | OK | |
r-release-linux-x86_64 | 1.1.3 | 20.09 | 95.47 | 115.56 | OK | |
r-release-macos-arm64 | 1.1.3 | 64.00 | OK | |||
r-release-macos-x86_64 | 1.1.3 | 83.00 | NOTE | |||
r-release-windows-x86_64 | 1.1.3 | 28.00 | 100.00 | 128.00 | OK | |
r-oldrel-macos-arm64 | 1.1.3 | 49.00 | OK | |||
r-oldrel-windows-x86_64 | 1.1.3 | 30.00 | 103.00 | 133.00 | OK |
Version: 1.1.3
Check: installed package size
Result: NOTE
installed size is 5.1Mb
sub-directories of 1Mb or more:
data 4.7Mb
Flavors: r-prerel-macos-arm64, r-release-macos-x86_64