Last updated on 2024-04-18 12:52:46 CEST.
Flavor | Version | Tinstall | Tcheck | Ttotal | Status | Flags |
---|---|---|---|---|---|---|
r-devel-linux-x86_64-debian-clang | 0.1.1 | 7.38 | 82.15 | 89.53 | NOTE | |
r-devel-linux-x86_64-debian-gcc | 0.1.1 | 6.76 | 62.05 | 68.81 | NOTE | |
r-devel-linux-x86_64-fedora-clang | 0.1.1 | 108.49 | NOTE | |||
r-devel-linux-x86_64-fedora-gcc | 0.1.1 | 106.00 | NOTE | |||
r-prerel-macos-arm64 | 0.1.1 | 35.00 | NOTE | |||
r-prerel-windows-x86_64 | 0.1.1 | 7.00 | 81.00 | 88.00 | NOTE | |
r-patched-linux-x86_64 | 0.1.1 | 6.68 | 77.81 | 84.49 | NOTE | |
r-release-linux-x86_64 | 0.1.1 | 8.53 | 82.66 | 91.19 | NOTE | |
r-release-macos-arm64 | 0.1.1 | 40.00 | NOTE | |||
r-release-macos-x86_64 | 0.1.1 | 58.00 | NOTE | |||
r-release-windows-x86_64 | 0.1.1 | 10.00 | 97.00 | 107.00 | NOTE | |
r-oldrel-macos-arm64 | 0.1.1 | 36.00 | NOTE | |||
r-oldrel-windows-x86_64 | 0.1.1 | 11.00 | 100.00 | 111.00 | NOTE |
Version: 0.1.1
Check: LazyData
Result: NOTE
'LazyData' is specified without a 'data' directory
Flavors: r-devel-linux-x86_64-debian-clang, r-devel-linux-x86_64-debian-gcc, r-devel-linux-x86_64-fedora-clang, r-devel-linux-x86_64-fedora-gcc, r-prerel-macos-arm64, r-prerel-windows-x86_64, r-patched-linux-x86_64, r-release-linux-x86_64, r-release-macos-arm64, r-release-macos-x86_64, r-release-windows-x86_64, r-oldrel-macos-arm64, r-oldrel-windows-x86_64