CRAN Package Check Results for Package HAC

Last updated on 2024-06-24 12:53:00 CEST.

Flavor Version Tinstall Tcheck Ttotal Status Flags
r-devel-linux-x86_64-debian-clang 1.1-0 14.80 114.57 129.37 OK
r-devel-linux-x86_64-debian-gcc 1.1-0 9.84 83.65 93.49 OK
r-devel-linux-x86_64-fedora-clang 1.1-0 154.94 OK
r-devel-linux-x86_64-fedora-gcc 1.1-0 159.15 OK
r-devel-windows-x86_64 1.1-0 11.00 121.00 132.00 OK
r-patched-linux-x86_64 1.1-0 14.54 109.31 123.85 OK
r-release-linux-x86_64 1.1-0 11.76 105.40 117.16 OK
r-release-macos-arm64 1.1-0 48.00 OK
r-release-macos-x86_64 1.1-0 80.00 OK
r-release-windows-x86_64 1.1-0 11.00 122.00 133.00 OK
r-oldrel-macos-arm64 1.1-0 57.00 OK
r-oldrel-macos-x86_64 1.1-0 91.00 NOTE
r-oldrel-windows-x86_64 1.1-0 13.00 134.00 147.00 OK

Check Details

Version: 1.1-0
Check: re-building of vignette outputs
Result: NOTE Error(s) in re-building vignettes: ... --- re-building ‘HAC.Rnw’ using Sweave Loading required package: copula Warning in hac2nacopula(hac) : NAs introduced by coercion Error: processing vignette 'HAC.Rnw' failed with diagnostics: Running 'texi2dvi' on 'HAC.tex' failed. LaTeX errors: ! LaTeX Error: File `german.sty' not found. Type X to quit or <RETURN> to proceed, or enter new name. (Default extension: sty) ! Emergency stop. <read *> l.47 \selectlanguage {english}^^M ! ==> Fatal error occurred, no output PDF file produced! --- failed re-building 'HAC.Rnw' SUMMARY: processing the following file failed: 'HAC.Rnw' Error: Vignette re-building failed. Execution halted Flavor: r-oldrel-macos-x86_64