CRAN Package Check Results for Package GsymPoint

Last updated on 2022-09-29 10:52:45 CEST.

Flavor Version Tinstall Tcheck Ttotal Status Flags
r-devel-linux-x86_64-debian-clang 1.1.1 5.09 44.51 49.60 NOTE
r-devel-linux-x86_64-debian-gcc 1.1.1 4.57 33.50 38.07 NOTE
r-devel-linux-x86_64-fedora-clang 1.1.1 73.16 NOTE
r-devel-linux-x86_64-fedora-gcc 1.1.1 71.46 NOTE
r-devel-windows-x86_64 1.1.1 17.00 70.00 87.00 NOTE
r-patched-linux-x86_64 1.1.1 6.40 41.72 48.12 OK
r-release-linux-x86_64 1.1.1 6.26 41.56 47.82 OK
r-release-macos-arm64 1.1.1 25.00 OK
r-release-macos-x86_64 1.1.1 30.00 OK
r-release-windows-x86_64 1.1.1 20.00 68.00 88.00 OK
r-oldrel-macos-arm64 1.1.1 31.00 OK
r-oldrel-macos-x86_64 1.1.1 37.00 OK
r-oldrel-windows-ix86+x86_64 1.1.1 10.00 68.00 78.00 OK

Check Details

Version: 1.1.1
Check: Rd files
Result: NOTE
    checkRd: (-1) gsym.point.Rd:143: Escaped LaTeX specials: \&
Flavors: r-devel-linux-x86_64-debian-clang, r-devel-linux-x86_64-debian-gcc, r-devel-linux-x86_64-fedora-clang, r-devel-linux-x86_64-fedora-gcc, r-devel-windows-x86_64