Last updated on 2023-09-25 12:01:41 CEST.
Flavor | Version | Tinstall | Tcheck | Ttotal | Status | Flags |
---|---|---|---|---|---|---|
r-devel-linux-x86_64-debian-clang | 0.0.5 | 33.39 | 273.33 | 306.72 | OK | |
r-devel-linux-x86_64-debian-gcc | 0.0.5 | 23.23 | 201.16 | 224.39 | OK | |
r-devel-linux-x86_64-fedora-clang | 0.0.5 | 368.38 | OK | |||
r-devel-linux-x86_64-fedora-gcc | 0.0.5 | 386.16 | OK | |||
r-devel-windows-x86_64 | 0.0.5 | 25.00 | 183.00 | 208.00 | OK | |
r-patched-linux-x86_64 | 0.0.5 | 21.23 | 253.61 | 274.84 | OK | |
r-release-linux-x86_64 | 0.0.5 | 21.70 | 255.85 | 277.55 | OK | |
r-release-macos-arm64 | 0.0.5 | 5.00 | ERROR | |||
r-release-macos-x86_64 | 0.0.5 | 164.00 | OK | |||
r-release-windows-x86_64 | 0.0.5 | 35.00 | 237.00 | 272.00 | OK | |
r-oldrel-macos-arm64 | 0.0.5 | 89.00 | OK | |||
r-oldrel-macos-x86_64 | 0.0.5 | 125.00 | OK | |||
r-oldrel-windows-x86_64 | 0.0.5 | 36.00 | 232.00 | 268.00 | OK |
Version: 0.0.5
Check: package dependencies
Result: ERROR
Package required but not available: ‘DOSE’
See section ‘The DESCRIPTION file’ in the ‘Writing R Extensions’
manual.
Flavor: r-release-macos-arm64